-- Table structure for table `notas_tapa`
--

CREATE TABLE `notas_tapa` (
  `ID` int(10) NOT NULL AUTO_INCREMENT,
  `foto` varchar(233) NOT NULL,
  `titulo` varchar(233) NOT NULL,
  `texto` text NOT NULL,
  `nota` int(10) NOT NULL,
  `cu3er` int(1) NOT NULL DEFAULT 0,
  `etiqueta` varchar(300) NOT NULL,
  PRIMARY KEY (`ID`)
) ENGINE=MyISAM AUTO_INCREMENT=2 DEFAULT CHARSET=utf8mb3 COLLATE=utf8mb3_general_ci;

--
-- Dumping data for table `notas_tapa`
--


--
-- Table structure for table `opciones`
--

CREATE TABLE `opciones` (
  `ID` int(12) NOT NULL,
  `data` varchar(233) NOT NULL
) ENGINE=InnoDB DEFAULT CHARSET=latin1 COLLATE=latin1_swedish_ci;

--
-- Dumping data for table `opciones`
--

INSERT INTO `opciones` VALUES
(1,'1');

--
-- Table structure for table `personas`
--

CREATE TABLE `personas` (
  `ID` int(12) NOT NULL AUTO_INCREMENT,
  `nombre` varchar(233) NOT NULL,
  `email` varchar(233) NOT NULL,
  `facebook` varchar(255) NOT NULL,
  `instagram` varchar(255) NOT NULL,
  `foto` varchar(233) NOT NULL,
  `categoria` int(11) NOT NULL,
  `disciplina` int(11) NOT NULL,
  `puesto` varchar(122) NOT NULL,
  `sobre_mi` text NOT NULL,
  `carpetafoto` varchar(255) NOT NULL,
  `localidad` varchar(233) NOT NULL,
  `pos` varchar(233) NOT NULL,
  `nacimiento` varchar(233) NOT NULL,
  `altura` varchar(233) NOT NULL,
  `nac` varchar(233) NOT NULL,
  `pos_cancha` int(2) NOT NULL,
  PRIMARY KEY (`ID`)
) ENGINE=MyISAM DEFAULT CHARSET=latin1 COLLATE=latin1_swedish_ci;

--
-- Dumping data for table `personas`
--


--
-- Table structure for table `planteo_tactico`
--

CREATE TABLE `planteo_tactico` (
  `ID` int(10) NOT NULL AUTO_INCREMENT,
  `ID_disc` int(10) NOT NULL,
  `ID_cat` int(10) NOT NULL,
  `formacion` varchar(25) NOT NULL,
  PRIMARY KEY (`ID`)
) ENGINE=MyISAM DEFAULT CHARSET=latin1 COLLATE=latin1_swedish_ci;

--
-- Dumping data for table `planteo_tactico`
--


--
-- Table structure for table `profesionales`
--

CREATE TABLE `profesionales` (
  `ID` int(10) NOT NULL AUTO_INCREMENT,
  `nombre` varchar(255) NOT NULL,
  `foto` varchar(255) NOT NULL,
  `profesion` varchar(255) NOT NULL,
  `telefono` varchar(255) NOT NULL,
  `email` varchar(255) NOT NULL,
  `texto` text NOT NULL,
  `instagram` varchar(150) NOT NULL,
  `facebook` varchar(150) NOT NULL,
  `whatsapp` varchar(150) NOT NULL,
  PRIMARY KEY (`ID`)
) ENGINE=MyISAM DEFAULT CHARSET=latin1 COLLATE=latin1_swedish_ci;

--
-- Dumping data for table `profesionales`
--


--
-- Table structure for table `profesiones`
--

CREATE TABLE `profesiones` (
  `ID` int(10) NOT NULL AUTO_INCREMENT,
  `profesion` varchar(255) NOT NULL,
  PRIMARY KEY (`ID`)
) ENGINE=MyISAM DEFAULT CHARSET=latin1 COLLATE=latin1_swedish_ci;

--
-- Dumping data for table `profesiones`
--


--
-- Table structure for table `programacion`
--

CREATE TABLE `programacion` (
  `ID` int(10) NOT NULL AUTO_INCREMENT,
  `programa` varchar(255) NOT NULL,
  `dia` varchar(100) NOT NULL,
  `ini` varchar(255) NOT NULL,
  `fin` varchar(255) NOT NULL,
  PRIMARY KEY (`ID`),
  KEY `ID` (`ID`)
) ENGINE=MyISAM AUTO_INCREMENT=116 DEFAULT CHARSET=utf8mb3 COLLATE=utf8mb3_general_ci;

--
-- Dumping data for table `programacion`
--

INSERT INTO `programacion` VALUES
(114,'11','Jueves','09.30','12.00'),
(113,'11','Miercoles','09.30','12.00'),
(112,'11','Martes','09.30','12.00'),
(106,'12','Lunes','17.30','19.30'),
(107,'12','Martes','17.30','19.30'),
(108,'12','Miercoles','17.30','19.30'),
(109,'12','Jueves','17.30','19.30'),
(110,'12','Viernes','17.30','19.30'),
(101,'11','Lunes','09.30','12.00'),
(115,'11','Viernes','09.30','12.00');

--
-- Table structure for table `programas`
--

CREATE TABLE `programas` (
  `ID` int(10) NOT NULL AUTO_INCREMENT,
  `nombre` varchar(250) NOT NULL,
  `imagen` varchar(250) NOT NULL,
  `url` varchar(255) NOT NULL,
  PRIMARY KEY (`ID`)
) ENGINE=MyISAM AUTO_INCREMENT=13 DEFAULT CHARSET=utf8mb3 COLLATE=utf8mb3_general_ci;

--
-- Dumping data for table `programas`
--

INSERT INTO `programas` VALUES
(12,'Tarde Libre','','#'),
(11,'Alegrías Cordobesas','','#');

--
-- Table structure for table `publicidades`
--

CREATE TABLE `publicidades` (
  `ID` int(10) NOT NULL AUTO_INCREMENT,
  `img` varchar(255) NOT NULL,
  `url` varchar(255) NOT NULL,
  `lugar` int(12) NOT NULL,
  `carpetafoto` varchar(255) NOT NULL DEFAULT 'upload_pic',
  PRIMARY KEY (`ID`),
  UNIQUE KEY `img` (`img`)
) ENGINE=MyISAM AUTO_INCREMENT=40 DEFAULT CHARSET=utf8mb3 COLLATE=utf8mb3_general_ci;

--
-- Dumping data for table `publicidades`
--

INSERT INTO `publicidades` VALUES
(1,'1548341325','',0,'01-2019'),
(2,'1548362033','',0,'01-2019'),
(15,'1559343535','',0,'05-2019'),
(4,'1548363028','http://www.',0,'01-2019'),
(7,'1556223534','',0,'04-2019'),
(8,'1556223596','',0,'04-2019'),
(9,'1556223625','',0,'04-2019'),
(10,'1556223656','',0,'04-2019'),
(16,'1559387519','',0,'06-2019'),
(19,'1559856960','',0,'06-2019');

--
-- Table structure for table `publicidades_gif`
--

CREATE TABLE `publicidades_gif` (
  `ID` int(10) NOT NULL AUTO_INCREMENT,
  `carpetafoto` varchar(255) NOT NULL,
  `img` varchar(255) NOT NULL,
  `url` varchar(255) NOT NULL,
  `lugar` int(255) NOT NULL,
  KEY `ID` (`ID`)
) ENGINE=MyISAM AUTO_INCREMENT=148 DEFAULT CHARSET=utf8mb3 COLLATE=utf8mb3_general_ci;

--
-- Dumping data for table `publicidades_gif`
--

INSERT INTO `publicidades_gif` VALUES
(138,'04-2025','d8356f67eb986e055d17d00d6f6f4aa5.peg','',10000029),
(24,'07-2019','6b752d6b08087ea1ad71cc9fa3fc44b0.png','https://www.facebook.com/FMOndaLibre/',0),
(132,'12-2024','e2fc45191416ce700d16d4059ddebcb6.peg','',10000008),
(142,'12-2025','0e73c56f24c9183944ea1b61de033412.peg','',10000006),
(104,'03-2024','659fdeee37869c927cbf37021c96bfc8.peg','',701),
(114,'05-2024','b71da589c4fa32dd4c88591d39e20d2e.jpg','',10000004),
(141,'12-2025','b89b763be36c0083c05323b61ef5859f.jpg','',10000026),
(135,'01-2025','1131ddd56c81461849db9b1ebfe09874.peg','',0),
(137,'03-2025','a60d4e4aec08e63a6a047d5a502e0685.peg','',0),
(140,'12-2025','4bcc0b7e77e8e74bfadd07b37ddad8c5.peg','',10000002),
(143,'01-2026','8a6736c1acbcbaae349fe9145b91c13c.jpg','',10000024),
(145,'02-2026','c7394a37550680a689aa38f8a4d4582d.peg','',10000016);

--
-- Table structure for table `publicidades_slide`
--

CREATE TABLE `publicidades_slide` (
  `ID` int(12) NOT NULL AUTO_INCREMENT,
  `url` varchar(255) NOT NULL,
  `img0` varchar(255) NOT NULL,
  `img1` varchar(255) NOT NULL,
  `img2` varchar(255) NOT NULL,
  `img3` varchar(255) NOT NULL,
  `img4` varchar(255) NOT NULL,
  `img5` varchar(255) NOT NULL,
  `img6` varchar(255) NOT NULL,
  `img7` varchar(255) NOT NULL,
  `img8` varchar(255) NOT NULL,
  `img9` varchar(255) NOT NULL,
  `lugar` int(20) NOT NULL,
  KEY `ID` (`ID`)
) ENGINE=MyISAM DEFAULT CHARSET=utf8mb3 COLLATE=utf8mb3_general_ci;

--
-- Dumping data for table `publicidades_slide`
--


--
-- Table structure for table `publicidades_swf`
--

CREATE TABLE `publicidades_swf` (
  `ID` int(10) NOT NULL AUTO_INCREMENT,
  `swf` varchar(244) NOT NULL,
  `ancho` int(244) NOT NULL,
  `alto` int(244) NOT NULL,
  `lugar` int(244) NOT NULL,
  `carpetafoto` varchar(255) NOT NULL DEFAULT 'upload',
  PRIMARY KEY (`ID`)
) ENGINE=MyISAM AUTO_INCREMENT=3 DEFAULT CHARSET=utf8mb3 COLLATE=utf8mb3_general_ci;

--
-- Dumping data for table `publicidades_swf`
--

INSERT INTO `publicidades_swf` VALUES
(2,'134c698c23cfbabef4a77e18bac80fab.swf',967,97,0,'01-2019');

--
-- Table structure for table `registrados_sorteos`
--

CREATE TABLE `registrados_sorteos` (
  `ID` int(12) NOT NULL AUTO_INCREMENT,
  `nombre` varchar(233) NOT NULL,
  `email` varchar(233) NOT NULL,
  `telefono` varchar(233) NOT NULL,
  `dni` varchar(233) NOT NULL,
  `pregunta` varchar(233) NOT NULL,
  `ID_sorteo` int(12) NOT NULL,
  PRIMARY KEY (`ID`)
) ENGINE=MyISAM DEFAULT CHARSET=latin1 COLLATE=latin1_swedish_ci;

--
-- Dumping data for table `registrados_sorteos`
--


--
-- Table structure for table `resultados`
--

CREATE TABLE `resultados` (
  `ID` int(10) NOT NULL AUTO_INCREMENT,
  `ID_disciplina` int(10) NOT NULL,
  `ID_disciplina_categoria` int(10) NOT NULL,
  `fecha` varchar(25) NOT NULL,
  `resultado` varchar(150) NOT NULL,
  `equipo_local` varchar(233) NOT NULL,
  `equipo_visitante` varchar(233) NOT NULL,
  `goles_visitante` int(11) NOT NULL,
  `goles_local` int(11) NOT NULL,
  `estadio` varchar(233) NOT NULL,
  `arbitro` int(233) NOT NULL,
  `tarjetas` varchar(233) NOT NULL,
  `expulsiones` varchar(233) NOT NULL,
  PRIMARY KEY (`ID`),
  KEY `ID` (`ID`)
) ENGINE=MyISAM DEFAULT CHARSET=latin1 COLLATE=latin1_swedish_ci;

--
-- Dumping data for table `resultados`
--


--
-- Table structure for table `rotativas`
--

CREATE TABLE `rotativas` (
  `ID` int(10) NOT NULL AUTO_INCREMENT,
  `ID_publicidad` int(10) NOT NULL,
  `tipo` varchar(55) NOT NULL,
  `fija` varchar(25) NOT NULL,
  `lugar` varchar(26) NOT NULL,
  UNIQUE KEY `ID_2` (`ID`),
  KEY `ID` (`ID`),
  KEY `ID_3` (`ID`)
) ENGINE=MyISAM AUTO_INCREMENT=5 DEFAULT CHARSET=latin1 COLLATE=latin1_swedish_ci;

--
-- Dumping data for table `rotativas`
--

INSERT INTO `rotativas` VALUES
(3,3,'JPG','random','arriba'),
(4,5,'JPG','random','arriba');

--
-- Table structure for table `secciones`
--

CREATE TABLE `secciones` (
  `ID` int(10) NOT NULL AUTO_INCREMENT,
  `titulo` text NOT NULL,
  `texto` text NOT NULL,
  PRIMARY KEY (`ID`)
) ENGINE=MyISAM DEFAULT CHARSET=utf8mb3 COLLATE=utf8mb3_general_ci;

--
-- Dumping data for table `secciones`
--


--
-- Table structure for table `slider_cat`
--

CREATE TABLE `slider_cat` (
  `ID` int(114) NOT NULL,
  `cat` int(14) NOT NULL
) ENGINE=MyISAM DEFAULT CHARSET=latin1 COLLATE=latin1_swedish_ci;

--
-- Dumping data for table `slider_cat`
--


--
-- Table structure for table `socios`
--

CREATE TABLE `socios` (
  `ID` int(10) NOT NULL AUTO_INCREMENT,
  `nombre` varchar(233) NOT NULL,
  `apellido` varchar(233) NOT NULL,
  `email` varchar(233) NOT NULL,
  `telefono` varchar(255) NOT NULL,
  `direccion` varchar(255) NOT NULL,
  `foto` varchar(255) NOT NULL,
  `baja` tinyint(1) NOT NULL,
  `alta_sistema` timestamp NOT NULL DEFAULT current_timestamp(),
  `valor_cuota` int(20) NOT NULL,
  `categoria_socio` varchar(123) NOT NULL,
  `plan` int(6) NOT NULL,
  `precios_especial` tinyint(1) NOT NULL,
  `md5` varchar(40) NOT NULL,
  `ID_sub_socio` int(10) NOT NULL,
  PRIMARY KEY (`ID`)
) ENGINE=MyISAM DEFAULT CHARSET=latin1 COLLATE=latin1_swedish_ci;

--
-- Dumping data for table `socios`
--


--
-- Table structure for table `sorteos`
--

CREATE TABLE `sorteos` (
  `ID` int(12) NOT NULL AUTO_INCREMENT,
  `titulo` varchar(300) NOT NULL,
  `descripcion` text NOT NULL,
  `bases` text NOT NULL,
  `img` varchar(222) NOT NULL,
  `img_celu` varchar(233) NOT NULL,
  `activo` tinyint(1) NOT NULL,
  PRIMARY KEY (`ID`)
) ENGINE=MyISAM DEFAULT CHARSET=latin1 COLLATE=latin1_swedish_ci;

--
-- Dumping data for table `sorteos`
--


--
-- Table structure for table `subcategorias`
--

CREATE TABLE `subcategorias` (
  `ID` int(10) NOT NULL AUTO_INCREMENT,
  `nombresub` varchar(255) NOT NULL,
  `IDC` int(10) NOT NULL,
  PRIMARY KEY (`ID`)
) ENGINE=MyISAM AUTO_INCREMENT=90000566 DEFAULT CHARSET=latin1 COLLATE=latin1_swedish_ci;

--
-- Dumping data for table `subcategorias`
--

INSERT INTO `subcategorias` VALUES
(90000108,'HOSPITALES',5000031),
(90000109,'MUNICIPALIDADES',5000031),
(90000315,'CAFETERIAS',5000033),
(90000113,'ALIMENTOS BALANCEADOS',5000032),
(90000115,'GANADERIA',5000032),
(90000317,'SODERIAS',5000033),
(90000320,'BEBIDAS ALCOHOLICAS',5000033),
(90000124,'DIETETICAS',5000033),
(90000328,'PANADERIAS',5000033),
(90000126,'HELADERIAS',5000033),
(90000331,'PIZZERIAS',5000033),
(90000329,'QUESERIAS',5000033),
(90000130,'PASTAS',5000033),
(90000343,'AUDIO PARA AUTOMOTORES',5000036),
(90000334,'MASCOTAS',5000034),
(90000133,'ROTISERIAS',5000033),
(90000134,'SUPERMERCADOS',5000033),
(90000136,'CONCESIONARIOS',5000035),
(90000137,'AGENCIAS DE COMPRA Y VENTA',5000035),
(90000339,'CICLOMOTORES',5000035),
(90000341,'TORTAS',5000033),
(90000140,'REPUESTOS',5000035),
(90000355,'CERRAJERIA PARA AUTOMOTORES',5000036),
(90000349,'CHAPERIA PARA AUTOMOTORES',5000036),
(90000347,'ALINEACION PARA AUTOMOTORES',5000036),
(90000356,'ELECTRICIDAD PARA AUTOMOTORES',5000036),
(90000353,'GESTORIA DE AUTOMOTORES',5000036),
(90000357,'GOMERIAS',5000036),
(90000354,'ALARMAS PARA AUTOMOTORES',5000036),
(90000360,'MECANICA PARA AUTOMOTORES',5000036),
(90000548,'COMBUSTIBLES',5000036),
(90000361,'TAPICERIA PARA AUTOMOTORES',5000036),
(90000152,'REMOLQUES, AUXILIOS',5000036),
(90000362,'AUXILIOS, REMOLQUES',5000036),
(90000367,'ABERTURAS',5000038),
(90000370,'HERRERIAS',5000038),
(90000156,'ALBAÃ‘ILERIA, ALBAÃ‘ILES',5000038),
(90000157,'CARPINTERIA DE ALUMINIO',5000038),
(90000158,'CARPINTERIA DE MADERA',5000038),
(90000159,'CONTRATISTAS DE LA CONSTRUCCION',5000038),
(90000160,'MÃ¡quinas para la construcciÃ³n, Herramientas',0),
(90000162,'GRIFERIA',5000038),
(90000165,'MADERAS',5000038),
(90000166,'MATERIALES ELECTRICOS',5000038),
(90000167,'MATERIALES PARA CONSTRUCCION',5000038),
(90000377,'AEROMODELISMO',5000039),
(90000170,'SOLDADURAS',5000038),
(90000171,'VIDRIERIAS',5000038),
(90000175,'CAMPING',5000039),
(90000550,'MONEDAS, COLECCIONISTAS',5000039),
(90000395,'INFLABLES, ALQUILER',5000040),
(90000178,'PESCA',5000039),
(90000396,'SERVICIOS GASTRONOMICOS',5000040),
(90000180,'ANIMACION DE EVENTOS',5000040),
(90000186,'AIRE ACONDICIONADO',5000041),
(90000398,'BIBLIOTECAS',5000044),
(90000430,'ALARMAS',5000041),
(90000436,'TELEFONOS',5000041),
(90000438,'CELULARES, TELEFONOS',5000041),
(90000557,'ELECTRICIDAD, ARTICULOS DE',5000041),
(90000190,'CALEFACCION',5000041),
(90000555,'COCINAS',5000041),
(90000444,'BAZAR, ARTICULOS DE',5000041),
(90000193,'DESODORIZADORES DE AMBIENTE',5000041),
(90000560,'INMOBILIARIAS',5000051),
(90000554,'HELADERAS',5000041),
(90000556,'HORNOS',5000041),
(90000452,'MONITORES',5000041),
(90000447,'CAMARAS DIGITALES',5000041),
(90000204,'MUEBLES DE HOGAR',5000041),
(90000205,'MUEBLES DE OFICINA Y COMERCIO',5000041),
(90000456,'ELECTRODOMESTICOS DIVERSOS',5000041),
(90000400,'COOPERATIVAS',5000044),
(90000404,'FLORERIAS',5000043),
(90000210,'INSTITUCIONES EDUCATIVAS',5000044),
(90000410,'DIARIOS',5000047),
(90000413,'MAQUINAS, FERRETERIA',5000042),
(90000419,'TELEVISION, CANALES DE',5000049),
(90000426,'ESCUELAS',5000044),
(90000215,'ABOGADOS',5000051),
(90000216,'AGRIMENSORES',5000051),
(90000217,'ARQUITECTOS',5000051),
(90000563,'COMPUTADORAS, REPARACION',5000053),
(90000219,'CONSULTORES Y ASESORES',5000051),
(90000220,'CONTADORES PUBLICOS',5000051),
(90000561,'Ã“PTICAS',5000051),
(90000222,'ESCRIBANIAS',5000051),
(90000224,'FISIOTERAPEUTAS',5000051),
(90000225,'HIGIENE Y SEGURIDAD EN EL TRABAJO',5000051),
(90000226,'INGENIEROS',5000051),
(90000228,'ODONTOLOGOS',5000051),
(90000231,'TRADUCTORES',5000051),
(90000463,'CLINICAS',5000052),
(90000465,'MANICURIA',5000052),
(90000235,'ENFERMERAS',5000052),
(90000471,'SPA',5000052),
(90000468,'MEDICINA PREPAGA',5000052),
(90000476,'COOPERATIVAS, SERVICIOS DE',5000053),
(90000241,'AFILADO, CUCHILLERIA',5000053),
(90000242,'ARTISTAS',5000053),
(90000243,'BICICLETERIAS',5000053),
(90000244,'CERRAJERIAS',5000053),
(90000479,'DESINFECCION, SERVICIOS DE',5000053),
(90000481,'ARTES PLASTICAS, CLASES DE',5000053),
(90000482,'CANTO, CLASES DE',5000053),
(90000485,'MUSICA, CLASES DE',5000053),
(90000487,'DOCENTES PARTICULARES',5000053),
(90000488,'IDIOMAS, CLASES DE',5000053),
(90000490,'FOTOGRAFIA',5000053),
(90000253,'ELECTRICISTAS',5000053),
(90000254,'ELECTRODOMESTICOS, REPARACION',5000053),
(90000493,'GASISTAS',5000053),
(90000494,'GARRAFAS, RECARGA',5000053),
(90000497,'IMPRENTAS',5000053),
(90000498,'FOLLETOS',5000053),
(90000507,'JUEGOS DE AZAR, AGENCIAS',5000053),
(90000509,'LOCUTORES',5000053),
(90000505,'LOTERIA',5000053),
(90000506,'QUINIELA',5000053),
(90000260,'JARDINERIA, PARQUIZACION',5000053),
(90000261,'LIMPIEZA COMERCIAL',5000053),
(90000508,'PUBLICIDAD, SERVICIOS DE',5000053),
(90000264,'PELUQUERIAS',5000053),
(90000265,'PLOMERIA',5000053),
(90000511,'SEGUROS, RIESGOS DEL TRABAJO',5000053),
(90000267,'RELOJERIAS',5000053),
(90000512,'SEGUROS GENERALES',5000053),
(90000513,'SEPELIOS',5000053),
(90000271,'TAPICERIAS',5000053),
(90000517,'COMISIONISTAS',5000053),
(90000522,'TURISMO, AGENCIAS DE VIAJES',5000053),
(90000520,'REMISES',5000053),
(90000521,'TRANSPORTE LARGA DISTANCIA',5000053),
(90000524,'TURISMO, HOTELES',5000053),
(90000526,'ZAPATERIAS, REPARACIONES',5000053),
(90000528,'TRABAJOS DISPONIBLES',5000054),
(90000307,'ABONOS',5000032),
(90000308,'FERTILIZANTES',5000032),
(90000309,'AGROQUIMICOS',5000032),
(90000311,'GRANOS',5000032),
(90000291,'FERRETERIAS',5000042),
(90000337,'ACOPLADOS',5000035),
(90000406,'JUGUETERIAS',5000046),
(90000294,'INSTRUMENTOS MUSICALES',5000045),
(90000408,'LIBRERIA, ARTICULOS DE',5000047),
(90000534,'ROPA PARA ADULTOS',5000055),
(90000297,'MÃ¡quinas y Herramientas',5000048),
(90000536,'ROPA PARA NIÃ‘OS',5000055),
(90000533,'ROPA PARA ADOLESCENTES',5000055),
(90000302,'CALZADO',5000055),
(90000541,'ROPA DEPORTIVA',5000055),
(90000542,'ROPA PARA BEBES, PAÃ‘ALES',5000055),
(90000539,'ROPA, CONFECCION, FABRICAS',5000055),
(90000306,'MERCERIAS',5000055),
(90000546,'VERDURAS, VERDULERIAS',5000033),
(90000327,'GRANJAS',5000033),
(90000330,'LACTEOS',5000033),
(90000332,'COMEDORES',5000033),
(90000333,'RESTAURANTES',5000033),
(90000336,'ANIMALES DOMESTICOS',5000034),
(90000338,'CAMIONES',5000035),
(90000340,'MOTOS',5000035),
(90000342,'REPOSTERIA',5000033),
(90000344,'TUNING PARA AUTOMOTORES',5000036),
(90000345,'CRISTALES PARA AUTOMOTORES',5000036),
(90000348,'BALANCEO PARA AUTOMOTORES',5000036),
(90000350,'PINTURA PARA AUTOMOTORES',5000036),
(90000549,'BILLETES, COLECCIONISTAS',5000039),
(90000352,'LUBRICANTES',5000036),
(90000358,'LLANTAS PARA AUTOMOTORES',5000036),
(90000359,'CUBIERTAS PARA AUTOMOTORES',5000036),
(90000365,'INVERSIONES',5000037),
(90000364,'BANCOS, FINANCIERAS',5000037),
(90000366,'PRESTAMOS',5000037),
(90000368,'PUERTAS, PORTONES',5000038),
(90000369,'ALAMBRADOS, CERCOS',5000038),
(90000373,'MAQUINAS PARA LA CONSTRUCCION',5000038),
(90000376,'REVESTIMIENTOS',5000038),
(90000378,'AUTOMODELISMO ',5000039),
(90000380,'CAZA',5000039),
(90000382,'TRICICLOS',5000039),
(90000391,'GIMNASIOS',5000039),
(90000392,'DEPORTES, PROFESORES DE',5000039),
(90000388,'NUMISMATICA',5000039),
(90000551,'ESTANTERIAS',5000041),
(90000393,'Artes Marciales',0),
(90000394,'ARTES MARCIALES',5000039),
(90000397,'ORGANIZACION DE EVENTOS',5000040),
(90000399,'MUSEOS',5000044),
(90000402,'ASOCIACIONES',5000044),
(90000403,'CLUBES',5000044),
(90000407,'REGALERIAS',5000046),
(90000411,'REVISTAS',5000047),
(90000412,'LIBROS',5000047),
(90000414,'HERRAMIENTAS, FERRETERIA',5000042),
(90000415,'PRENSA ESCRITA',5000049),
(90000418,'INTERNET',5000049),
(90000462,'SERVICIOS DE EMERGENCIAS',5000052),
(90000421,'RADIO, EMISORAS DE',5000049),
(90000461,'AMBULANCIAS',5000052),
(90000427,'COLEGIOS',5000044),
(90000428,'PURIFICADORES DE AGUA',5000041),
(90000429,'DISPENSERS DE AGUA',5000041),
(90000434,'AUDIO, EQUIPOS DE',5000041),
(90000433,'TELEVISION, TELEVISORES',5000041),
(90000435,'VIDEO, EQUIPOS DE',5000041),
(90000553,'FREEZERS',5000041),
(90000441,'DECORACION',5000041),
(90000559,'ARTE, ARTICULOS DECORATIVOS',5000041),
(90000445,'GASTRONOMIA, ARTICULOS DE',5000041),
(90000448,'COMPUTADORAS',5000041),
(90000455,'LAVAVAJILLAS',5000041),
(90000458,'INVERSIONES, NEGOCIOS',5000050),
(90000459,'PRESTAMOS, NEGOCIOS',5000050),
(90000460,'SOCIOS, NEGOCIOS',5000050),
(90000464,'CONSULTORIOS',5000052),
(90000466,'PEDICURIA',5000052),
(90000467,'DEPILACION',5000052),
(90000469,'OBRAS SOCIALES',5000052),
(90000470,'MUTUALES DE SALUD',5000052),
(90000472,'MASAJES',5000052),
(90000473,'COSMETICA',5000052),
(90000474,'ESTETICA',5000052),
(90000475,'TERAPIAS ALTERNATIVAS',5000052),
(90000477,'MUTUALES, SERVICIOS DE',5000053),
(90000478,'ASOCIACIONES, SERVICIOS DE',5000053),
(90000480,'FUMIGACION, SERVICIOS DE',5000053),
(90000483,'DANZA, CLASES DE',5000053),
(90000484,'TEATRO, CLASES DE',5000053),
(90000486,'INSTRUMENTOS MUSICALES, CLASES DE',5000053),
(90000489,'INFORMATICA, CLASES DE',5000053),
(90000492,'FILMACIONES',5000053),
(90000496,'EXTINGUIDORES',5000053),
(90000500,'DISEÃ‘O GRAFICO',5000053),
(90000501,'CARTELERIA',5000053),
(90000502,'GRABACIONES CD, DVD',5000053),
(90000503,'INFORMATICA, SERVICIOS',5000053),
(90000504,'CARTUCHOS DE IMPRESORAS',5000053),
(90000516,'DELIVERY',5000053),
(90000519,'FLETES',5000053),
(90000523,'VIAJES, AGENCIAS DE',5000053),
(90000525,'HOTELES',5000053),
(90000529,'TRABAJADORES DISPONIBLES',5000054),
(90000538,'BIJOUTERIE, ACCESORIOS',5000055),
(90000537,'JOYAS, ALHAJAS',5000055),
(90000543,'SERVICIOS PUBLICOS',5000031),
(90000540,'ZAPATOS, ZAPATILLAS',5000055),
(90000544,'CORREO',5000053),
(90000545,'FRUTAS, FRUTERIAS',5000033),
(90000552,'EXHIBIDORES',5000041),
(90000558,'ILUMINACION, ARTICULOS DE',5000041),
(90000562,'BIOQUIMICOS, LABORATORIOS',5000051),
(90000565,'a',0);

--
-- Table structure for table `tipos_socio`
--

CREATE TABLE `tipos_socio` (
  `ID` int(10) NOT NULL AUTO_INCREMENT,
  `tipo` varchar(255) NOT NULL,
  `monto` varchar(255) NOT NULL,
  PRIMARY KEY (`ID`)
) ENGINE=MyISAM DEFAULT CHARSET=latin1 COLLATE=latin1_swedish_ci;

--
-- Dumping data for table `tipos_socio`
--


--
-- Table structure for table `users_boletin`
--

CREATE TABLE `users_boletin` (
  `ID` int(10) NOT NULL,
  `nombre` varchar(255) NOT NULL,
  `apellido` varchar(255) NOT NULL,
  `email` varchar(255) NOT NULL,
  `telefono` varchar(255) NOT NULL,
  `localidad` varchar(255) NOT NULL,
  `provincia` varchar(255) NOT NULL,
  `lista` int(10) NOT NULL,
  `alta` varchar(2) NOT NULL DEFAULT 'si'
) ENGINE=MyISAM DEFAULT CHARSET=latin1 COLLATE=latin1_swedish_ci;

--
-- Dumping data for table `users_boletin`
--


--
-- Table structure for table `videos`
--

CREATE TABLE `videos` (
  `ID` int(13) NOT NULL AUTO_INCREMENT,
  `video` varchar(255) NOT NULL,
  `ID_nota` int(13) NOT NULL,
  PRIMARY KEY (`ID`)
) ENGINE=MyISAM AUTO_INCREMENT=8 DEFAULT CHARSET=latin1 COLLATE=latin1_swedish_ci;

--
-- Dumping data for table `videos`
--

INSERT INTO `videos` VALUES
(1,'https://fmondalibre.com.ar/08-2022/c7ba2c8ffec0879054932cf645f9a98b.mp4',1892),
(2,'https://fmondalibre.com.ar/09-2025/81b14e61ac74c17ec90b20dc6966580e.mp4',4154),
(3,'https://fmondalibre.com.ar/10-2025/0ae1d862b1358adae7a1a7664e0dc2fb.mp4',4190),
(5,'https://fmondalibre.com.ar/04-2026/744c6f5034479ca8b0abcef08fd6dbe8.mp4',4622),
(6,'https://fmondalibre.com.ar/04-2026/79e27ca7477e17aca9299971ec8d755f.mp4',4627),
(7,'https://fmondalibre.com.ar/04-2026/5eed3cf85d45d33317adabc6e4f09921.mp4',4628);

--
-- Table structure for table `videos_home`
--

CREATE TABLE `videos_home` (
  `ID` int(23) NOT NULL AUTO_INCREMENT,
  `cat` varchar(255) NOT NULL,
  `titulo` varchar(255) NOT NULL,
  `bajada` text NOT NULL,
  `video` varchar(255) NOT NULL,
  `home` tinyint(1) NOT NULL,
  `vivo` varchar(2) NOT NULL,
  PRIMARY KEY (`ID`)
) ENGINE=MyISAM AUTO_INCREMENT=7 DEFAULT CHARSET=latin1 COLLATE=latin1_swedish_ci;

--
-- Dumping data for table `videos_home`
--

INSERT INTO `videos_home` VALUES
(1,'prueba','Prueba','Prueba','ZqV7fvVgHSo',0,''),
(2,'Novedad musical','Inicio','p','BfKYVDptgAw',0,''),
(3,'','Karina - Pirata (Official Video)','','lAP0eh5BrDs',0,''),
(4,'','Ulises Bueno - Recreo (Video Oficial)','','H2voqFmhwto',0,''),
(5,'','Grupo Beatriz feat. Banda XXI - La Nena Rebuena','','RHm7ld-s3hM',0,''),
(6,'Tema Destacado por el Mosquito','LOS MOSQUITOS - Ya Tu Sabe!',' Los cuarteteros se encuentran disfrutando de un buen momento.\r\nPero hay una cosa que molesta constantemente a los bailarines: la ola de mosquitos. Ni lento ni perezoso, un artista cordobés aprovechó e hizo un cuarteto dedicado a los insectos.','clpgaAQSldI',0,'');

--
-- Table structure for table `visitas`
--

CREATE TABLE `visitas` (
  `n` int(10) NOT NULL,
  `d` int(2) NOT NULL,
  `m` int(2) NOT NULL,
  `a` int(4) NOT NULL,
  `date` int(8) NOT NULL,
  `URL` varchar(255) NOT NULL,
  `nombre` varchar(255) NOT NULL,
  `IP` varchar(255) NOT NULL
) ENGINE=MyISAM DEFAULT CHARSET=utf8mb3 COLLATE=utf8mb3_general_ci;

--
-- Dumping data for table `visitas`
--

INSERT INTO `visitas` VALUES
(1,31,3,2018,20180331,'','',''),
(4,2,4,2018,20180402,'','',''),
(1,3,4,2018,20180403,'','',''),
(138,9,4,2018,20180409,'','',''),
(65,10,4,2018,20180410,'','',''),
(39,15,4,2018,20180415,'','',''),
(55,16,4,2018,20180416,'','',''),
(8,17,4,2018,20180417,'','',''),
(11,18,4,2018,20180418,'','',''),
(1,19,4,2018,20180419,'','',''),
(19,20,4,2018,20180420,'','',''),
(2,21,4,2018,20180421,'','',''),
(1,22,4,2018,20180422,'','',''),
(2,23,4,2018,20180423,'','',''),
(2,24,4,2018,20180424,'','',''),
(5,25,4,2018,20180425,'','',''),
(4,26,4,2018,20180426,'','',''),
(3,27,4,2018,20180427,'','',''),
(1,28,4,2018,20180428,'','',''),
(2,29,4,2018,20180429,'','',''),
(2,30,4,2018,20180430,'','',''),
(1,1,5,2018,20180501,'','',''),
(11,2,5,2018,20180502,'','',''),
(12,3,5,2018,20180503,'','',''),
(1,4,5,2018,20180504,'','',''),
(2,7,5,2018,20180507,'','',''),
(1,8,5,2018,20180508,'','',''),
(1,9,5,2018,20180509,'','',''),
(5,10,5,2018,20180510,'','',''),
(7,11,5,2018,20180511,'','',''),
(3,14,5,2018,20180514,'','',''),
(1,15,5,2018,20180515,'','',''),
(1,16,5,2018,20180516,'','',''),
(2,21,5,2018,20180521,'','',''),
(2,28,5,2018,20180528,'','',''),
(14,7,6,2018,20180607,'','',''),
(2,8,6,2018,20180608,'','',''),
(2,9,6,2018,20180609,'','',''),
(12,15,6,2018,20180615,'','',''),
(4,17,6,2018,20180617,'','',''),
(2,22,6,2018,20180622,'','',''),
(11,23,6,2018,20180623,'','',''),
(1,26,6,2018,20180626,'','',''),
(5,27,6,2018,20180627,'','',''),
(1,3,7,2018,20180703,'','',''),
(3,4,7,2018,20180704,'','',''),
(1,5,7,2018,20180705,'','',''),
(5,9,7,2018,20180709,'','',''),
(1,18,7,2018,20180718,'','',''),
(3,21,7,2018,20180721,'','',''),
(11,22,7,2018,20180722,'','',''),
(3,24,7,2018,20180724,'','',''),
(1,27,7,2018,20180727,'','',''),
(3,8,8,2018,20180808,'','',''),
(1,9,8,2018,20180809,'','',''),
(4,11,8,2018,20180811,'','',''),
(3,12,8,2018,20180812,'','',''),
(1,1,9,2018,20180901,'','',''),
(3,3,9,2018,20180903,'','',''),
(1,8,9,2018,20180908,'','',''),
(5,9,9,2018,20180909,'','',''),
(2,20,9,2018,20180920,'','',''),
(1,25,9,2018,20180925,'','',''),
(2,3,10,2018,20181003,'','',''),
(20,6,10,2018,20181006,'','',''),
(51,7,10,2018,20181007,'','',''),
(24,8,10,2018,20181008,'','',''),
(21,9,10,2018,20181009,'','',''),
(15,10,10,2018,20181010,'','',''),
(13,11,10,2018,20181011,'','',''),
(19,12,10,2018,20181012,'','',''),
(35,13,10,2018,20181013,'','',''),
(20,14,10,2018,20181014,'','',''),
(8,15,10,2018,20181015,'','',''),
(19,16,10,2018,20181016,'','',''),
(35,17,10,2018,20181017,'','',''),
(25,18,10,2018,20181018,'','',''),
(36,19,10,2018,20181019,'','',''),
(15,20,10,2018,20181020,'','',''),
(9,21,10,2018,20181021,'','',''),
(24,22,10,2018,20181022,'','',''),
(19,23,10,2018,20181023,'','',''),
(45,24,10,2018,20181024,'','',''),
(32,25,10,2018,20181025,'','',''),
(60,26,10,2018,20181026,'','',''),
(21,27,10,2018,20181027,'','',''),
(26,28,10,2018,20181028,'','',''),
(23,29,10,2018,20181029,'','',''),
(20,30,10,2018,20181030,'','',''),
(23,31,10,2018,20181031,'','',''),
(10,1,11,2018,20181101,'','',''),
(25,2,11,2018,20181102,'','',''),
(27,3,11,2018,20181103,'','',''),
(23,4,11,2018,20181104,'','',''),
(40,5,11,2018,20181105,'','',''),
(44,6,11,2018,20181106,'','',''),
(41,7,11,2018,20181107,'','',''),
(19,8,11,2018,20181108,'','',''),
(17,9,11,2018,20181109,'','',''),
(16,10,11,2018,20181110,'','',''),
(23,11,11,2018,20181111,'','',''),
(22,12,11,2018,20181112,'','',''),
(18,13,11,2018,20181113,'','',''),
(12,14,11,2018,20181114,'','',''),
(29,15,11,2018,20181115,'','',''),
(20,16,11,2018,20181116,'','',''),
(17,17,11,2018,20181117,'','',''),
(14,18,11,2018,20181118,'','',''),
(29,19,11,2018,20181119,'','',''),
(23,20,11,2018,20181120,'','',''),
(33,21,11,2018,20181121,'','',''),
(26,22,11,2018,20181122,'','',''),
(27,23,11,2018,20181123,'','',''),
(32,24,11,2018,20181124,'','',''),
(17,25,11,2018,20181125,'','',''),
(59,26,11,2018,20181126,'','',''),
(21,27,11,2018,20181127,'','',''),
(20,28,11,2018,20181128,'','',''),
(20,29,11,2018,20181129,'','',''),
(40,30,11,2018,20181130,'','',''),
(20,1,12,2018,20181201,'','',''),
(15,2,12,2018,20181202,'','',''),
(26,3,12,2018,20181203,'','',''),
(14,4,12,2018,20181204,'','',''),
(109,5,12,2018,20181205,'','',''),
(202,6,12,2018,20181206,'','',''),
(216,7,12,2018,20181207,'','',''),
(69,8,12,2018,20181208,'','',''),
(38,9,12,2018,20181209,'','',''),
(23,10,12,2018,20181210,'','',''),
(14,11,12,2018,20181211,'','',''),
(23,12,12,2018,20181212,'','',''),
(15,13,12,2018,20181213,'','',''),
(75,14,12,2018,20181214,'','',''),
(106,15,12,2018,20181215,'','',''),
(134,16,12,2018,20181216,'','',''),
(70,17,12,2018,20181217,'','',''),
(26,18,12,2018,20181218,'','',''),
(38,19,12,2018,20181219,'','',''),
(48,20,12,2018,20181220,'','',''),
(33,21,12,2018,20181221,'','',''),
(36,22,12,2018,20181222,'','',''),
(28,23,12,2018,20181223,'','',''),
(24,24,12,2018,20181224,'','',''),
(23,25,12,2018,20181225,'','',''),
(244,26,12,2018,20181226,'','',''),
(23,27,12,2018,20181227,'','',''),
(21,28,12,2018,20181228,'','',''),
(46,29,12,2018,20181229,'','',''),
(30,30,12,2018,20181230,'','',''),
(5,31,12,2018,20181231,'','',''),
(18,1,1,2019,20190101,'','',''),
(81,2,1,2019,20190102,'','',''),
(51,3,1,2019,20190103,'','',''),
(16,4,1,2019,20190104,'','',''),
(24,5,1,2019,20190105,'','',''),
(21,6,1,2019,20190106,'','',''),
(29,7,1,2019,20190107,'','',''),
(134,8,1,2019,20190108,'','',''),
(170,9,1,2019,20190109,'','',''),
(102,10,1,2019,20190110,'','',''),
(95,11,1,2019,20190111,'','',''),
(46,12,1,2019,20190112,'','',''),
(21,13,1,2019,20190113,'','',''),
(90,14,1,2019,20190114,'','',''),
(64,15,1,2019,20190115,'','',''),
(110,16,1,2019,20190116,'','',''),
(61,17,1,2019,20190117,'','',''),
(138,18,1,2019,20190118,'','',''),
(32,19,1,2019,20190119,'','',''),
(31,20,1,2019,20190120,'','',''),
(111,21,1,2019,20190121,'','',''),
(227,22,1,2019,20190122,'','',''),
(258,23,1,2019,20190123,'','',''),
(281,24,1,2019,20190124,'','',''),
(228,25,1,2019,20190125,'','',''),
(105,26,1,2019,20190126,'','',''),
(111,27,1,2019,20190127,'','',''),
(108,28,1,2019,20190128,'','',''),
(215,29,1,2019,20190129,'','',''),
(391,30,1,2019,20190130,'','',''),
(125,31,1,2019,20190131,'','',''),
(160,1,2,2019,20190201,'','',''),
(122,2,2,2019,20190202,'','',''),
(98,3,2,2019,20190203,'','',''),
(211,4,2,2019,20190204,'','',''),
(210,5,2,2019,20190205,'','',''),
(146,6,2,2019,20190206,'','',''),
(294,7,2,2019,20190207,'','',''),
(192,8,2,2019,20190208,'','',''),
(268,9,2,2019,20190209,'','',''),
(58,10,2,2019,20190210,'','',''),
(83,11,2,2019,20190211,'','',''),
(137,12,2,2019,20190212,'','',''),
(226,13,2,2019,20190213,'','',''),
(155,14,2,2019,20190214,'','',''),
(250,15,2,2019,20190215,'','',''),
(163,16,2,2019,20190216,'','',''),
(54,17,2,2019,20190217,'','',''),
(56,18,2,2019,20190218,'','',''),
(123,19,2,2019,20190219,'','',''),
(108,20,2,2019,20190220,'','',''),
(75,21,2,2019,20190221,'','',''),
(111,22,2,2019,20190222,'','',''),
(80,23,2,2019,20190223,'','',''),
(43,24,2,2019,20190224,'','',''),
(85,25,2,2019,20190225,'','',''),
(155,26,2,2019,20190226,'','',''),
(117,27,2,2019,20190227,'','',''),
(134,28,2,2019,20190228,'','',''),
(154,1,3,2019,20190301,'','',''),
(79,2,3,2019,20190302,'','',''),
(33,3,3,2019,20190303,'','',''),
(43,4,3,2019,20190304,'','',''),
(70,5,3,2019,20190305,'','',''),
(65,6,3,2019,20190306,'','',''),
(54,7,3,2019,20190307,'','',''),
(104,8,3,2019,20190308,'','',''),
(142,9,3,2019,20190309,'','',''),
(79,10,3,2019,20190310,'','',''),
(105,11,3,2019,20190311,'','',''),
(97,12,3,2019,20190312,'','',''),
(146,13,3,2019,20190313,'','',''),
(135,14,3,2019,20190314,'','',''),
(96,15,3,2019,20190315,'','',''),
(147,16,3,2019,20190316,'','',''),
(106,17,3,2019,20190317,'','',''),
(223,18,3,2019,20190318,'','',''),
(138,19,3,2019,20190319,'','',''),
(145,20,3,2019,20190320,'','',''),
(179,21,3,2019,20190321,'','',''),
(160,22,3,2019,20190322,'','',''),
(238,23,3,2019,20190323,'','',''),
(140,24,3,2019,20190324,'','',''),
(93,25,3,2019,20190325,'','',''),
(64,26,3,2019,20190326,'','',''),
(342,27,3,2019,20190327,'','',''),
(226,28,3,2019,20190328,'','',''),
(216,29,3,2019,20190329,'','',''),
(165,30,3,2019,20190330,'','',''),
(164,31,3,2019,20190331,'','',''),
(236,1,4,2019,20190401,'','',''),
(295,2,4,2019,20190402,'','',''),
(460,3,4,2019,20190403,'','',''),
(301,4,4,2019,20190404,'','',''),
(205,5,4,2019,20190405,'','',''),
(163,6,4,2019,20190406,'','',''),
(186,7,4,2019,20190407,'','',''),
(190,8,4,2019,20190408,'','',''),
(182,9,4,2019,20190409,'','',''),
(310,10,4,2019,20190410,'','',''),
(343,11,4,2019,20190411,'','',''),
(270,12,4,2019,20190412,'','',''),
(360,13,4,2019,20190413,'','',''),
(142,14,4,2019,20190414,'','',''),
(213,15,4,2019,20190415,'','',''),
(212,16,4,2019,20190416,'','',''),
(336,17,4,2019,20190417,'','',''),
(310,18,4,2019,20190418,'','',''),
(330,19,4,2019,20190419,'','',''),
(289,20,4,2019,20190420,'','',''),
(113,21,4,2019,20190421,'','',''),
(203,22,4,2019,20190422,'','',''),
(321,23,4,2019,20190423,'','',''),
(353,24,4,2019,20190424,'','',''),
(315,25,4,2019,20190425,'','',''),
(323,26,4,2019,20190426,'','',''),
(289,27,4,2019,20190427,'','',''),
(188,28,4,2019,20190428,'','',''),
(239,29,4,2019,20190429,'','',''),
(212,30,4,2019,20190430,'','',''),
(242,1,5,2019,20190501,'','',''),
(210,2,5,2019,20190502,'','',''),
(248,3,5,2019,20190503,'','',''),
(1005,4,5,2019,20190504,'','',''),
(409,5,5,2019,20190505,'','',''),
(304,6,5,2019,20190506,'','',''),
(297,7,5,2019,20190507,'','',''),
(279,8,5,2019,20190508,'','',''),
(389,9,5,2019,20190509,'','',''),
(473,10,5,2019,20190510,'','',''),
(353,11,5,2019,20190511,'','',''),
(241,12,5,2019,20190512,'','',''),
(433,13,5,2019,20190513,'','',''),
(385,14,5,2019,20190514,'','',''),
(546,15,5,2019,20190515,'','',''),
(469,16,5,2019,20190516,'','',''),
(307,17,5,2019,20190517,'','',''),
(414,18,5,2019,20190518,'','',''),
(330,19,5,2019,20190519,'','',''),
(373,20,5,2019,20190520,'','',''),
(308,21,5,2019,20190521,'','',''),
(375,22,5,2019,20190522,'','',''),
(354,23,5,2019,20190523,'','',''),
(288,24,5,2019,20190524,'','',''),
(375,25,5,2019,20190525,'','',''),
(401,26,5,2019,20190526,'','',''),
(581,27,5,2019,20190527,'','',''),
(589,28,5,2019,20190528,'','',''),
(372,29,5,2019,20190529,'','',''),
(264,30,5,2019,20190530,'','',''),
(403,31,5,2019,20190531,'','',''),
(374,1,6,2019,20190601,'','',''),
(276,2,6,2019,20190602,'','',''),
(475,3,6,2019,20190603,'','',''),
(416,4,6,2019,20190604,'','',''),
(330,5,6,2019,20190605,'','',''),
(446,6,6,2019,20190606,'','',''),
(546,7,6,2019,20190607,'','',''),
(333,8,6,2019,20190608,'','',''),
(275,9,6,2019,20190609,'','',''),
(407,10,6,2019,20190610,'','',''),
(332,11,6,2019,20190611,'','',''),
(578,12,6,2019,20190612,'','',''),
(1089,13,6,2019,20190613,'','',''),
(407,14,6,2019,20190614,'','',''),
(437,15,6,2019,20190615,'','',''),
(431,16,6,2019,20190616,'','',''),
(622,17,6,2019,20190617,'','',''),
(492,18,6,2019,20190618,'','',''),
(382,19,6,2019,20190619,'','',''),
(214,20,6,2019,20190620,'','',''),
(358,21,6,2019,20190621,'','',''),
(357,22,6,2019,20190622,'','',''),
(353,23,6,2019,20190623,'','',''),
(477,24,6,2019,20190624,'','',''),
(549,25,6,2019,20190625,'','',''),
(574,26,6,2019,20190626,'','',''),
(561,27,6,2019,20190627,'','',''),
(924,28,6,2019,20190628,'','',''),
(595,29,6,2019,20190629,'','',''),
(239,30,6,2019,20190630,'','',''),
(438,1,7,2019,20190701,'','',''),
(330,2,7,2019,20190702,'','',''),
(332,3,7,2019,20190703,'','',''),
(795,4,7,2019,20190704,'','',''),
(981,5,7,2019,20190705,'','',''),
(347,6,7,2019,20190706,'','',''),
(675,7,7,2019,20190707,'','',''),
(399,8,7,2019,20190708,'','',''),
(256,9,7,2019,20190709,'','',''),
(399,10,7,2019,20190710,'','',''),
(467,11,7,2019,20190711,'','',''),
(321,12,7,2019,20190712,'','',''),
(489,13,7,2019,20190713,'','',''),
(262,14,7,2019,20190714,'','',''),
(298,15,7,2019,20190715,'','',''),
(476,16,7,2019,20190716,'','',''),
(456,17,7,2019,20190717,'','',''),
(236,18,7,2019,20190718,'','',''),
(342,19,7,2019,20190719,'','',''),
(301,20,7,2019,20190720,'','',''),
(225,21,7,2019,20190721,'','',''),
(400,22,7,2019,20190722,'','',''),
(362,23,7,2019,20190723,'','',''),
(385,24,7,2019,20190724,'','',''),
(457,25,7,2019,20190725,'','',''),
(378,26,7,2019,20190726,'','',''),
(321,27,7,2019,20190727,'','',''),
(330,28,7,2019,20190728,'','',''),
(599,29,7,2019,20190729,'','',''),
(871,30,7,2019,20190730,'','',''),
(775,31,7,2019,20190731,'','',''),
(578,1,8,2019,20190801,'','',''),
(427,2,8,2019,20190802,'','',''),
(399,3,8,2019,20190803,'','',''),
(209,4,8,2019,20190804,'','',''),
(351,5,8,2019,20190805,'','',''),
(470,6,8,2019,20190806,'','',''),
(325,7,8,2019,20190807,'','',''),
(328,8,8,2019,20190808,'','',''),
(496,9,8,2019,20190809,'','',''),
(1402,10,8,2019,20190810,'','',''),
(551,11,8,2019,20190811,'','',''),
(661,12,8,2019,20190812,'','',''),
(571,13,8,2019,20190813,'','',''),
(501,14,8,2019,20190814,'','',''),
(405,15,8,2019,20190815,'','',''),
(325,16,8,2019,20190816,'','',''),
(351,17,8,2019,20190817,'','',''),
(336,18,8,2019,20190818,'','',''),
(404,19,8,2019,20190819,'','',''),
(261,20,8,2019,20190820,'','',''),
(485,21,8,2019,20190821,'','',''),
(584,22,8,2019,20190822,'','',''),
(512,23,8,2019,20190823,'','',''),
(441,24,8,2019,20190824,'','',''),
(329,25,8,2019,20190825,'','',''),
(458,26,8,2019,20190826,'','',''),
(634,27,8,2019,20190827,'','',''),
(512,28,8,2019,20190828,'','',''),
(595,29,8,2019,20190829,'','',''),
(453,30,8,2019,20190830,'','',''),
(592,31,8,2019,20190831,'','',''),
(441,1,9,2019,20190901,'','',''),
(495,2,9,2019,20190902,'','',''),
(598,3,9,2019,20190903,'','',''),
(927,4,9,2019,20190904,'','',''),
(1058,5,9,2019,20190905,'','',''),
(1187,6,9,2019,20190906,'','',''),
(592,7,9,2019,20190907,'','',''),
(362,8,9,2019,20190908,'','',''),
(460,9,9,2019,20190909,'','',''),
(1068,10,9,2019,20190910,'','',''),
(778,11,9,2019,20190911,'','',''),
(847,12,9,2019,20190912,'','',''),
(635,13,9,2019,20190913,'','',''),
(441,14,9,2019,20190914,'','',''),
(434,15,9,2019,20190915,'','',''),
(578,16,9,2019,20190916,'','',''),
(708,17,9,2019,20190917,'','',''),
(1023,18,9,2019,20190918,'','',''),
(570,19,9,2019,20190919,'','',''),
(605,20,9,2019,20190920,'','',''),
(581,21,9,2019,20190921,'','',''),
(450,22,9,2019,20190922,'','',''),
(552,23,9,2019,20190923,'','',''),
(129,24,9,2019,20190924,'','',''),
(391,25,9,2019,20190925,'','',''),
(591,26,9,2019,20190926,'','',''),
(596,27,9,2019,20190927,'','',''),
(588,28,9,2019,20190928,'','',''),
(333,29,9,2019,20190929,'','',''),
(466,30,9,2019,20190930,'','',''),
(704,1,10,2019,20191001,'','',''),
(503,2,10,2019,20191002,'','',''),
(470,3,10,2019,20191003,'','',''),
(489,4,10,2019,20191004,'','',''),
(493,5,10,2019,20191005,'','',''),
(223,6,10,2019,20191006,'','',''),
(454,7,10,2019,20191007,'','',''),
(553,8,10,2019,20191008,'','',''),
(647,9,10,2019,20191009,'','',''),
(548,10,10,2019,20191010,'','',''),
(585,11,10,2019,20191011,'','',''),
(578,12,10,2019,20191012,'','',''),
(488,13,10,2019,20191013,'','',''),
(389,14,10,2019,20191014,'','',''),
(742,15,10,2019,20191015,'','',''),
(496,16,10,2019,20191016,'','',''),
(792,17,10,2019,20191017,'','',''),
(481,18,10,2019,20191018,'','',''),
(680,19,10,2019,20191019,'','',''),
(450,20,10,2019,20191020,'','',''),
(575,21,10,2019,20191021,'','',''),
(558,22,10,2019,20191022,'','',''),
(587,23,10,2019,20191023,'','',''),
(532,24,10,2019,20191024,'','',''),
(505,25,10,2019,20191025,'','',''),
(580,26,10,2019,20191026,'','',''),
(431,27,10,2019,20191027,'','',''),
(461,28,10,2019,20191028,'','',''),
(396,29,10,2019,20191029,'','',''),
(494,30,10,2019,20191030,'','',''),
(499,31,10,2019,20191031,'','',''),
(783,1,11,2019,20191101,'','',''),
(2199,2,11,2019,20191102,'','',''),
(468,3,11,2019,20191103,'','',''),
(674,4,11,2019,20191104,'','',''),
(601,5,11,2019,20191105,'','',''),
(541,6,11,2019,20191106,'','',''),
(516,7,11,2019,20191107,'','',''),
(880,8,11,2019,20191108,'','',''),
(844,9,11,2019,20191109,'','',''),
(458,10,11,2019,20191110,'','',''),
(580,11,11,2019,20191111,'','',''),
(690,12,11,2019,20191112,'','',''),
(625,13,11,2019,20191113,'','',''),
(679,14,11,2019,20191114,'','',''),
(485,15,11,2019,20191115,'','',''),
(596,16,11,2019,20191116,'','',''),
(345,17,11,2019,20191117,'','',''),
(465,18,11,2019,20191118,'','',''),
(519,19,11,2019,20191119,'','',''),
(726,20,11,2019,20191120,'','',''),
(781,21,11,2019,20191121,'','',''),
(735,22,11,2019,20191122,'','',''),
(618,23,11,2019,20191123,'','',''),
(316,24,11,2019,20191124,'','',''),
(494,25,11,2019,20191125,'','',''),
(469,26,11,2019,20191126,'','',''),
(633,27,11,2019,20191127,'','',''),
(611,28,11,2019,20191128,'','',''),
(586,29,11,2019,20191129,'','',''),
(552,30,11,2019,20191130,'','',''),
(628,1,12,2019,20191201,'','',''),
(845,2,12,2019,20191202,'','',''),
(815,3,12,2019,20191203,'','',''),
(808,4,12,2019,20191204,'','',''),
(777,5,12,2019,20191205,'','',''),
(513,6,12,2019,20191206,'','',''),
(726,7,12,2019,20191207,'','',''),
(560,8,12,2019,20191208,'','',''),
(652,9,12,2019,20191209,'','',''),
(669,10,12,2019,20191210,'','',''),
(559,11,12,2019,20191211,'','',''),
(526,12,12,2019,20191212,'','',''),
(586,13,12,2019,20191213,'','',''),
(549,14,12,2019,20191214,'','',''),
(469,15,12,2019,20191215,'','',''),
(1101,16,12,2019,20191216,'','',''),
(826,17,12,2019,20191217,'','',''),
(868,18,12,2019,20191218,'','',''),
(721,19,12,2019,20191219,'','',''),
(604,20,12,2019,20191220,'','',''),
(524,21,12,2019,20191221,'','',''),
(581,22,12,2019,20191222,'','',''),
(599,23,12,2019,20191223,'','',''),
(530,24,12,2019,20191224,'','',''),
(289,25,12,2019,20191225,'','',''),
(608,26,12,2019,20191226,'','',''),
(616,27,12,2019,20191227,'','',''),
(1193,28,12,2019,20191228,'','',''),
(1165,29,12,2019,20191229,'','',''),
(716,30,12,2019,20191230,'','',''),
(719,31,12,2019,20191231,'','',''),
(818,1,1,2020,20200101,'','',''),
(701,2,1,2020,20200102,'','',''),
(644,3,1,2020,20200103,'','',''),
(543,4,1,2020,20200104,'','',''),
(1174,5,1,2020,20200105,'','',''),
(595,6,1,2020,20200106,'','',''),
(738,7,1,2020,20200107,'','',''),
(631,8,1,2020,20200108,'','',''),
(670,9,1,2020,20200109,'','',''),
(1471,10,1,2020,20200110,'','',''),
(4092,11,1,2020,20200111,'','',''),
(1627,12,1,2020,20200112,'','',''),
(1729,13,1,2020,20200113,'','',''),
(1364,14,1,2020,20200114,'','',''),
(2294,15,1,2020,20200115,'','',''),
(1187,16,1,2020,20200116,'','',''),
(920,17,1,2020,20200117,'','',''),
(945,18,1,2020,20200118,'','',''),
(1206,19,1,2020,20200119,'','',''),
(2560,20,1,2020,20200120,'','',''),
(3265,21,1,2020,20200121,'','',''),
(1524,22,1,2020,20200122,'','',''),
(981,23,1,2020,20200123,'','',''),
(1082,24,1,2020,20200124,'','',''),
(1008,25,1,2020,20200125,'','',''),
(813,26,1,2020,20200126,'','',''),
(910,27,1,2020,20200127,'','',''),
(961,28,1,2020,20200128,'','',''),
(768,29,1,2020,20200129,'','',''),
(731,30,1,2020,20200130,'','',''),
(714,31,1,2020,20200131,'','',''),
(874,1,2,2020,20200201,'','',''),
(673,2,2,2020,20200202,'','',''),
(1256,3,2,2020,20200203,'','',''),
(896,4,2,2020,20200204,'','',''),
(751,5,2,2020,20200205,'','',''),
(767,6,2,2020,20200206,'','',''),
(1847,7,2,2020,20200207,'','',''),
(2436,8,2,2020,20200208,'','',''),
(906,9,2,2020,20200209,'','',''),
(1088,10,2,2020,20200210,'','',''),
(1565,11,2,2020,20200211,'','',''),
(1967,12,2,2020,20200212,'','',''),
(1470,13,2,2020,20200213,'','',''),
(1503,14,2,2020,20200214,'','',''),
(1205,15,2,2020,20200215,'','',''),
(842,16,2,2020,20200216,'','',''),
(899,17,2,2020,20200217,'','',''),
(760,18,2,2020,20200218,'','',''),
(1587,19,2,2020,20200219,'','',''),
(5696,20,2,2020,20200220,'','',''),
(2110,21,2,2020,20200221,'','',''),
(2661,22,2,2020,20200222,'','',''),
(1476,23,2,2020,20200223,'','',''),
(2037,24,2,2020,20200224,'','',''),
(1218,25,2,2020,20200225,'','',''),
(1081,26,2,2020,20200226,'','',''),
(2643,27,2,2020,20200227,'','',''),
(3179,28,2,2020,20200228,'','',''),
(1218,29,2,2020,20200229,'','',''),
(931,1,3,2020,20200301,'','',''),
(782,2,3,2020,20200302,'','',''),
(3601,3,3,2020,20200303,'','',''),
(5824,4,3,2020,20200304,'','',''),
(2294,5,3,2020,20200305,'','',''),
(2618,6,3,2020,20200306,'','',''),
(2179,7,3,2020,20200307,'','',''),
(1365,8,3,2020,20200308,'','',''),
(1200,9,3,2020,20200309,'','',''),
(3376,10,3,2020,20200310,'','',''),
(3299,11,3,2020,20200311,'','',''),
(1713,12,3,2020,20200312,'','',''),
(3718,13,3,2020,20200313,'','',''),
(1926,14,3,2020,20200314,'','',''),
(1934,15,3,2020,20200315,'','',''),
(1432,16,3,2020,20200316,'','',''),
(1342,17,3,2020,20200317,'','',''),
(1430,18,3,2020,20200318,'','',''),
(870,19,3,2020,20200319,'','',''),
(1045,20,3,2020,20200320,'','',''),
(2188,21,3,2020,20200321,'','',''),
(1891,22,3,2020,20200322,'','',''),
(1558,23,3,2020,20200323,'','',''),
(1000,24,3,2020,20200324,'','',''),
(913,25,3,2020,20200325,'','',''),
(950,26,3,2020,20200326,'','',''),
(1017,27,3,2020,20200327,'','',''),
(779,28,3,2020,20200328,'','',''),
(1082,29,3,2020,20200329,'','',''),
(1662,30,3,2020,20200330,'','',''),
(708,31,3,2020,20200331,'','',''),
(675,1,4,2020,20200401,'','',''),
(731,2,4,2020,20200402,'','',''),
(756,3,4,2020,20200403,'','',''),
(706,4,4,2020,20200404,'','',''),
(1303,5,4,2020,20200405,'','',''),
(1166,6,4,2020,20200406,'','',''),
(889,7,4,2020,20200407,'','',''),
(1778,8,4,2020,20200408,'','',''),
(2739,9,4,2020,20200409,'','',''),
(1687,10,4,2020,20200410,'','',''),
(738,11,4,2020,20200411,'','',''),
(1638,12,4,2020,20200412,'','',''),
(971,13,4,2020,20200413,'','',''),
(1083,14,4,2020,20200414,'','',''),
(4853,15,4,2020,20200415,'','',''),
(2292,16,4,2020,20200416,'','',''),
(1922,17,4,2020,20200417,'','',''),
(1407,18,4,2020,20200418,'','',''),
(1515,19,4,2020,20200419,'','',''),
(1251,20,4,2020,20200420,'','',''),
(1333,21,4,2020,20200421,'','',''),
(2416,22,4,2020,20200422,'','',''),
(2920,23,4,2020,20200423,'','',''),
(1592,24,4,2020,20200424,'','',''),
(1083,25,4,2020,20200425,'','',''),
(859,26,4,2020,20200426,'','',''),
(812,27,4,2020,20200427,'','',''),
(1585,28,4,2020,20200428,'','',''),
(1585,28,4,2020,20200428,'','',''),
(861,29,4,2020,20200429,'','',''),
(709,30,4,2020,20200430,'','',''),
(671,1,5,2020,20200501,'','',''),
(652,2,5,2020,20200502,'','',''),
(730,3,5,2020,20200503,'','',''),
(854,4,5,2020,20200504,'','',''),
(916,5,5,2020,20200505,'','',''),
(1310,6,5,2020,20200506,'','',''),
(993,7,5,2020,20200507,'','',''),
(1011,8,5,2020,20200508,'','',''),
(946,9,5,2020,20200509,'','',''),
(923,10,5,2020,20200510,'','',''),
(917,11,5,2020,20200511,'','',''),
(766,12,5,2020,20200512,'','',''),
(1725,13,5,2020,20200513,'','',''),
(2617,14,5,2020,20200514,'','',''),
(2258,15,5,2020,20200515,'','',''),
(3448,16,5,2020,20200516,'','',''),
(2185,17,5,2020,20200517,'','',''),
(1339,18,5,2020,20200518,'','',''),
(1146,19,5,2020,20200519,'','',''),
(1124,20,5,2020,20200520,'','',''),
(2159,21,5,2020,20200521,'','',''),
(2455,22,5,2020,20200522,'','',''),
(1453,23,5,2020,20200523,'','',''),
(1277,24,5,2020,20200524,'','',''),
(1196,25,5,2020,20200525,'','',''),
(1026,26,5,2020,20200526,'','',''),
(1119,27,5,2020,20200527,'','',''),
(4492,28,5,2020,20200528,'','',''),
(1539,29,5,2020,20200529,'','',''),
(3253,30,5,2020,20200530,'','',''),
(1974,31,5,2020,20200531,'','',''),
(1448,1,6,2020,20200601,'','',''),
(1490,2,6,2020,20200602,'','',''),
(2576,3,6,2020,20200603,'','',''),
(1797,4,6,2020,20200604,'','',''),
(1418,5,6,2020,20200605,'','',''),
(1050,6,6,2020,20200606,'','',''),
(1049,7,6,2020,20200607,'','',''),
(950,8,6,2020,20200608,'','',''),
(1060,9,6,2020,20200609,'','',''),
(1753,10,6,2020,20200610,'','',''),
(2742,11,6,2020,20200611,'','',''),
(5818,12,6,2020,20200612,'','',''),
(1824,13,6,2020,20200613,'','',''),
(3487,14,6,2020,20200614,'','',''),
(1581,15,6,2020,20200615,'','',''),
(1109,16,6,2020,20200616,'','',''),
(969,17,6,2020,20200617,'','',''),
(1189,18,6,2020,20200618,'','',''),
(1321,19,6,2020,20200619,'','',''),
(1197,20,6,2020,20200620,'','',''),
(1754,21,6,2020,20200621,'','',''),
(1863,22,6,2020,20200622,'','',''),
(1141,23,6,2020,20200623,'','',''),
(1035,24,6,2020,20200624,'','',''),
(1324,25,6,2020,20200625,'','',''),
(1378,26,6,2020,20200626,'','',''),
(1238,27,6,2020,20200627,'','',''),
(1186,28,6,2020,20200628,'','',''),
(1287,29,6,2020,20200629,'','',''),
(1337,30,6,2020,20200630,'','',''),
(1503,1,7,2020,20200701,'','',''),
(1035,2,7,2020,20200702,'','',''),
(948,3,7,2020,20200703,'','',''),
(2554,4,7,2020,20200704,'','',''),
(1402,5,7,2020,20200705,'','',''),
(1077,6,7,2020,20200706,'','',''),
(1029,7,7,2020,20200707,'','',''),
(1150,8,7,2020,20200708,'','',''),
(1197,9,7,2020,20200709,'','',''),
(1308,10,7,2020,20200710,'','',''),
(1100,11,7,2020,20200711,'','',''),
(1150,12,7,2020,20200712,'','',''),
(1189,13,7,2020,20200713,'','',''),
(1211,14,7,2020,20200714,'','',''),
(1087,15,7,2020,20200715,'','',''),
(1100,16,7,2020,20200716,'','',''),
(1374,17,7,2020,20200717,'','',''),
(1743,18,7,2020,20200718,'','',''),
(1302,19,7,2020,20200719,'','',''),
(1477,20,7,2020,20200720,'','',''),
(1386,21,7,2020,20200721,'','',''),
(1649,22,7,2020,20200722,'','',''),
(1819,23,7,2020,20200723,'','',''),
(1716,24,7,2020,20200724,'','',''),
(1556,25,7,2020,20200725,'','',''),
(1505,26,7,2020,20200726,'','',''),
(1688,27,7,2020,20200727,'','',''),
(1800,28,7,2020,20200728,'','',''),
(1899,29,7,2020,20200729,'','',''),
(1690,30,7,2020,20200730,'','',''),
(1514,31,7,2020,20200731,'','',''),
(1579,1,8,2020,20200801,'','',''),
(1626,2,8,2020,20200802,'','',''),
(1668,3,8,2020,20200803,'','',''),
(1592,4,8,2020,20200804,'','',''),
(1578,5,8,2020,20200805,'','',''),
(1663,6,8,2020,20200806,'','',''),
(1880,7,8,2020,20200807,'','',''),
(1553,8,8,2020,20200808,'','',''),
(1582,9,8,2020,20200809,'','',''),
(1750,10,8,2020,20200810,'','',''),
(1279,11,8,2020,20200811,'','',''),
(1028,12,8,2020,20200812,'','',''),
(992,13,8,2020,20200813,'','',''),
(855,14,8,2020,20200814,'','',''),
(1003,15,8,2020,20200815,'','',''),
(763,16,8,2020,20200816,'','',''),
(654,17,8,2020,20200817,'','',''),
(793,18,8,2020,20200818,'','',''),
(746,19,8,2020,20200819,'','',''),
(907,20,8,2020,20200820,'','',''),
(851,21,8,2020,20200821,'','',''),
(776,22,8,2020,20200822,'','',''),
(1065,23,8,2020,20200823,'','',''),
(1257,24,8,2020,20200824,'','',''),
(887,25,8,2020,20200825,'','',''),
(993,26,8,2020,20200826,'','',''),
(1015,27,8,2020,20200827,'','',''),
(1138,28,8,2020,20200828,'','',''),
(949,29,8,2020,20200829,'','',''),
(998,30,8,2020,20200830,'','',''),
(1000,31,8,2020,20200831,'','',''),
(958,1,9,2020,20200901,'','',''),
(978,2,9,2020,20200902,'','',''),
(926,3,9,2020,20200903,'','',''),
(793,4,9,2020,20200904,'','',''),
(1017,5,9,2020,20200905,'','',''),
(771,6,9,2020,20200906,'','',''),
(1177,7,9,2020,20200907,'','',''),
(1274,8,9,2020,20200908,'','',''),
(1587,9,9,2020,20200909,'','',''),
(1647,10,9,2020,20200910,'','',''),
(1616,11,9,2020,20200911,'','',''),
(1476,12,9,2020,20200912,'','',''),
(1360,13,9,2020,20200913,'','',''),
(1635,14,9,2020,20200914,'','',''),
(1558,15,9,2020,20200915,'','',''),
(1992,16,9,2020,20200916,'','',''),
(2048,17,9,2020,20200917,'','',''),
(1797,18,9,2020,20200918,'','',''),
(1510,19,9,2020,20200919,'','',''),
(1298,20,9,2020,20200920,'','',''),
(1332,21,9,2020,20200921,'','',''),
(3254,22,9,2020,20200922,'','',''),
(2189,23,9,2020,20200923,'','',''),
(1230,24,9,2020,20200924,'','',''),
(1517,25,9,2020,20200925,'','',''),
(932,26,9,2020,20200926,'','',''),
(980,27,9,2020,20200927,'','',''),
(1033,28,9,2020,20200928,'','',''),
(1234,29,9,2020,20200929,'','',''),
(1081,30,9,2020,20200930,'','',''),
(1157,1,10,2020,20201001,'','',''),
(1213,2,10,2020,20201002,'','',''),
(1291,3,10,2020,20201003,'','',''),
(1106,4,10,2020,20201004,'','',''),
(1314,5,10,2020,20201005,'','',''),
(1177,6,10,2020,20201006,'','',''),
(1823,7,10,2020,20201007,'','',''),
(1026,8,10,2020,20201008,'','',''),
(1689,9,10,2020,20201009,'','',''),
(1140,10,10,2020,20201010,'','',''),
(1303,11,10,2020,20201011,'','',''),
(1361,12,10,2020,20201012,'','',''),
(1943,13,10,2020,20201013,'','',''),
(2008,14,10,2020,20201014,'','',''),
(2039,15,10,2020,20201015,'','',''),
(1828,16,10,2020,20201016,'','',''),
(1820,17,10,2020,20201017,'','',''),
(1370,18,10,2020,20201018,'','',''),
(1397,19,10,2020,20201019,'','',''),
(1083,20,10,2020,20201020,'','',''),
(1175,21,10,2020,20201021,'','',''),
(1061,22,10,2020,20201022,'','',''),
(1140,23,10,2020,20201023,'','',''),
(3143,24,10,2020,20201024,'','',''),
(1170,25,10,2020,20201025,'','',''),
(1406,26,10,2020,20201026,'','',''),
(1096,27,10,2020,20201027,'','',''),
(1151,28,10,2020,20201028,'','',''),
(1014,29,10,2020,20201029,'','',''),
(980,30,10,2020,20201030,'','',''),
(1105,31,10,2020,20201031,'','',''),
(936,1,11,2020,20201101,'','',''),
(890,2,11,2020,20201102,'','',''),
(857,3,11,2020,20201103,'','',''),
(1014,4,11,2020,20201104,'','',''),
(1035,5,11,2020,20201105,'','',''),
(1325,6,11,2020,20201106,'','',''),
(960,7,11,2020,20201107,'','',''),
(995,8,11,2020,20201108,'','',''),
(1264,9,11,2020,20201109,'','',''),
(1194,10,11,2020,20201110,'','',''),
(1120,11,11,2020,20201111,'','',''),
(1156,12,11,2020,20201112,'','',''),
(1196,13,11,2020,20201113,'','',''),
(975,14,11,2020,20201114,'','',''),
(1007,15,11,2020,20201115,'','',''),
(1114,16,11,2020,20201116,'','',''),
(1121,17,11,2020,20201117,'','',''),
(1162,18,11,2020,20201118,'','',''),
(1145,19,11,2020,20201119,'','',''),
(1151,20,11,2020,20201120,'','',''),
(1094,21,11,2020,20201121,'','',''),
(1205,22,11,2020,20201122,'','',''),
(1069,23,11,2020,20201123,'','',''),
(1054,24,11,2020,20201124,'','',''),
(1062,25,11,2020,20201125,'','',''),
(1116,26,11,2020,20201126,'','',''),
(955,27,11,2020,20201127,'','',''),
(933,28,11,2020,20201128,'','',''),
(965,29,11,2020,20201129,'','',''),
(1063,30,11,2020,20201130,'','',''),
(1098,1,12,2020,20201201,'','',''),
(903,2,12,2020,20201202,'','',''),
(1207,3,12,2020,20201203,'','',''),
(1233,4,12,2020,20201204,'','',''),
(3136,5,12,2020,20201205,'','',''),
(1761,6,12,2020,20201206,'','',''),
(1487,7,12,2020,20201207,'','',''),
(1208,8,12,2020,20201208,'','',''),
(1287,9,12,2020,20201209,'','',''),
(1203,10,12,2020,20201210,'','',''),
(1455,11,12,2020,20201211,'','',''),
(1238,12,12,2020,20201212,'','',''),
(998,13,12,2020,20201213,'','',''),
(1026,14,12,2020,20201214,'','',''),
(1137,15,12,2020,20201215,'','',''),
(1077,16,12,2020,20201216,'','',''),
(1104,17,12,2020,20201217,'','',''),
(1186,18,12,2020,20201218,'','',''),
(1082,19,12,2020,20201219,'','',''),
(825,20,12,2020,20201220,'','',''),
(756,21,12,2020,20201221,'','',''),
(720,22,12,2020,20201222,'','',''),
(856,23,12,2020,20201223,'','',''),
(691,24,12,2020,20201224,'','',''),
(715,25,12,2020,20201225,'','',''),
(691,26,12,2020,20201226,'','',''),
(703,27,12,2020,20201227,'','',''),
(795,28,12,2020,20201228,'','',''),
(961,29,12,2020,20201229,'','',''),
(884,30,12,2020,20201230,'','',''),
(964,31,12,2020,20201231,'','',''),
(887,1,1,2021,20210101,'','',''),
(890,2,1,2021,20210102,'','',''),
(950,3,1,2021,20210103,'','',''),
(836,4,1,2021,20210104,'','',''),
(1050,5,1,2021,20210105,'','',''),
(806,6,1,2021,20210106,'','',''),
(850,7,1,2021,20210107,'','',''),
(806,8,1,2021,20210108,'','',''),
(997,9,1,2021,20210109,'','',''),
(660,10,1,2021,20210110,'','',''),
(869,11,1,2021,20210111,'','',''),
(839,12,1,2021,20210112,'','',''),
(812,13,1,2021,20210113,'','',''),
(1172,14,1,2021,20210114,'','',''),
(1100,15,1,2021,20210115,'','',''),
(815,16,1,2021,20210116,'','',''),
(751,17,1,2021,20210117,'','',''),
(835,18,1,2021,20210118,'','',''),
(932,19,1,2021,20210119,'','',''),
(783,20,1,2021,20210120,'','',''),
(680,21,1,2021,20210121,'','',''),
(753,22,1,2021,20210122,'','',''),
(744,23,1,2021,20210123,'','',''),
(650,24,1,2021,20210124,'','',''),
(916,25,1,2021,20210125,'','',''),
(750,26,1,2021,20210126,'','',''),
(729,27,1,2021,20210127,'','',''),
(685,28,1,2021,20210128,'','',''),
(783,29,1,2021,20210129,'','',''),
(705,30,1,2021,20210130,'','',''),
(3642,31,1,2021,20210131,'','',''),
(669,1,2,2021,20210201,'','',''),
(803,2,2,2021,20210202,'','',''),
(758,3,2,2021,20210203,'','',''),
(792,4,2,2021,20210204,'','',''),
(1014,5,2,2021,20210205,'','',''),
(835,6,2,2021,20210206,'','',''),
(781,7,2,2021,20210207,'','',''),
(851,8,2,2021,20210208,'','',''),
(957,9,2,2021,20210209,'','',''),
(991,10,2,2021,20210210,'','',''),
(778,11,2,2021,20210211,'','',''),
(926,12,2,2021,20210212,'','',''),
(684,13,2,2021,20210213,'','',''),
(627,14,2,2021,20210214,'','',''),
(701,15,2,2021,20210215,'','',''),
(3554,16,2,2021,20210216,'','',''),
(785,17,2,2021,20210217,'','',''),
(951,18,2,2021,20210218,'','',''),
(1248,19,2,2021,20210219,'','',''),
(800,20,2,2021,20210220,'','',''),
(690,21,2,2021,20210221,'','',''),
(844,22,2,2021,20210222,'','',''),
(1065,23,2,2021,20210223,'','',''),
(1022,24,2,2021,20210224,'','',''),
(1035,25,2,2021,20210225,'','',''),
(901,26,2,2021,20210226,'','',''),
(811,27,2,2021,20210227,'','',''),
(639,28,2,2021,20210228,'','',''),
(883,1,3,2021,20210301,'','',''),
(936,2,3,2021,20210302,'','',''),
(917,3,3,2021,20210303,'','',''),
(881,4,3,2021,20210304,'','',''),
(891,5,3,2021,20210305,'','',''),
(920,6,3,2021,20210306,'','',''),
(791,7,3,2021,20210307,'','',''),
(797,8,3,2021,20210308,'','',''),
(1074,9,3,2021,20210309,'','',''),
(991,10,3,2021,20210310,'','',''),
(859,11,3,2021,20210311,'','',''),
(825,12,3,2021,20210312,'','',''),
(688,13,3,2021,20210313,'','',''),
(595,14,3,2021,20210314,'','',''),
(726,15,3,2021,20210315,'','',''),
(1108,16,3,2021,20210316,'','',''),
(1043,17,3,2021,20210317,'','',''),
(970,18,3,2021,20210318,'','',''),
(1093,19,3,2021,20210319,'','',''),
(821,20,3,2021,20210320,'','',''),
(742,21,3,2021,20210321,'','',''),
(1010,22,3,2021,20210322,'','',''),
(1112,23,3,2021,20210323,'','',''),
(1055,24,3,2021,20210324,'','',''),
(1055,25,3,2021,20210325,'','',''),
(4085,26,3,2021,20210326,'','',''),
(988,27,3,2021,20210327,'','',''),
(1066,28,3,2021,20210328,'','',''),
(834,29,3,2021,20210329,'','',''),
(1084,30,3,2021,20210330,'','',''),
(1330,31,3,2021,20210331,'','',''),
(1290,1,4,2021,20210401,'','',''),
(1582,2,4,2021,20210402,'','',''),
(1263,3,4,2021,20210403,'','',''),
(950,4,4,2021,20210404,'','',''),
(1281,5,4,2021,20210405,'','',''),
(1514,6,4,2021,20210406,'','',''),
(1641,7,4,2021,20210407,'','',''),
(1183,8,4,2021,20210408,'','',''),
(1495,9,4,2021,20210409,'','',''),
(1291,10,4,2021,20210410,'','',''),
(1523,11,4,2021,20210411,'','',''),
(3529,12,4,2021,20210412,'','',''),
(3068,13,4,2021,20210413,'','',''),
(1938,14,4,2021,20210414,'','',''),
(1972,15,4,2021,20210415,'','',''),
(2031,16,4,2021,20210416,'','',''),
(1537,17,4,2021,20210417,'','',''),
(1407,18,4,2021,20210418,'','',''),
(1562,19,4,2021,20210419,'','',''),
(1457,20,4,2021,20210420,'','',''),
(1372,21,4,2021,20210421,'','',''),
(1499,22,4,2021,20210422,'','',''),
(1362,23,4,2021,20210423,'','',''),
(1114,24,4,2021,20210424,'','',''),
(1220,25,4,2021,20210425,'','',''),
(1481,26,4,2021,20210426,'','',''),
(1226,27,4,2021,20210427,'','',''),
(745,28,4,2021,20210428,'','',''),
(1140,29,4,2021,20210429,'','',''),
(3093,30,4,2021,20210430,'','',''),
(4924,1,5,2021,20210501,'','',''),
(1347,2,5,2021,20210502,'','',''),
(1530,3,5,2021,20210503,'','',''),
(1507,4,5,2021,20210504,'','',''),
(1602,5,5,2021,20210505,'','',''),
(1538,6,5,2021,20210506,'','',''),
(1604,7,5,2021,20210507,'','',''),
(1438,8,5,2021,20210508,'','',''),
(1265,9,5,2021,20210509,'','',''),
(1336,10,5,2021,20210510,'','',''),
(1307,11,5,2021,20210511,'','',''),
(2070,12,5,2021,20210512,'','',''),
(2889,13,5,2021,20210513,'','',''),
(1619,14,5,2021,20210514,'','',''),
(1976,15,5,2021,20210515,'','',''),
(1335,16,5,2021,20210516,'','',''),
(1300,17,5,2021,20210517,'','',''),
(3653,18,5,2021,20210518,'','',''),
(1649,19,5,2021,20210519,'','',''),
(1418,20,5,2021,20210520,'','',''),
(1348,21,5,2021,20210521,'','',''),
(1378,22,5,2021,20210522,'','',''),
(1324,23,5,2021,20210523,'','',''),
(1264,24,5,2021,20210524,'','',''),
(1307,25,5,2021,20210525,'','',''),
(1631,26,5,2021,20210526,'','',''),
(1532,27,5,2021,20210527,'','',''),
(1526,28,5,2021,20210528,'','',''),
(1775,29,5,2021,20210529,'','',''),
(1651,30,5,2021,20210530,'','',''),
(1661,31,5,2021,20210531,'','',''),
(1998,1,6,2021,20210601,'','',''),
(1633,2,6,2021,20210602,'','',''),
(1489,3,6,2021,20210603,'','',''),
(1868,4,6,2021,20210604,'','',''),
(795,5,6,2021,20210605,'','',''),
(671,6,6,2021,20210606,'','',''),
(600,7,6,2021,20210607,'','',''),
(1114,8,6,2021,20210608,'','',''),
(1319,9,6,2021,20210609,'','',''),
(1184,10,6,2021,20210610,'','',''),
(986,11,6,2021,20210611,'','',''),
(1032,12,6,2021,20210612,'','',''),
(954,13,6,2021,20210613,'','',''),
(1074,14,6,2021,20210614,'','',''),
(1301,15,6,2021,20210615,'','',''),
(2145,16,6,2021,20210616,'','',''),
(1517,17,6,2021,20210617,'','',''),
(1340,18,6,2021,20210618,'','',''),
(1732,19,6,2021,20210619,'','',''),
(1051,20,6,2021,20210620,'','',''),
(987,21,6,2021,20210621,'','',''),
(1717,22,6,2021,20210622,'','',''),
(1703,23,6,2021,20210623,'','',''),
(2632,24,6,2021,20210624,'','',''),
(1748,25,6,2021,20210625,'','',''),
(1170,26,6,2021,20210626,'','',''),
(917,27,6,2021,20210627,'','',''),
(920,28,6,2021,20210628,'','',''),
(668,29,6,2021,20210629,'','',''),
(167,30,6,2021,20210630,'','',''),
(355,1,7,2021,20210701,'','',''),
(943,2,7,2021,20210702,'','',''),
(1190,3,7,2021,20210703,'','',''),
(1406,4,7,2021,20210704,'','',''),
(588,5,7,2021,20210705,'','',''),
(814,6,7,2021,20210706,'','',''),
(2047,7,7,2021,20210707,'','',''),
(1935,8,7,2021,20210708,'','',''),
(2311,9,7,2021,20210709,'','',''),
(2416,10,7,2021,20210710,'','',''),
(2347,11,7,2021,20210711,'','',''),
(1916,12,7,2021,20210712,'','',''),
(1951,13,7,2021,20210713,'','',''),
(2654,14,7,2021,20210714,'','',''),
(6484,15,7,2021,20210715,'','',''),
(2410,16,7,2021,20210716,'','',''),
(2416,17,7,2021,20210717,'','',''),
(1574,18,7,2021,20210718,'','',''),
(1661,19,7,2021,20210719,'','',''),
(2036,20,7,2021,20210720,'','',''),
(1760,21,7,2021,20210721,'','',''),
(1509,22,7,2021,20210722,'','',''),
(1785,23,7,2021,20210723,'','',''),
(1392,24,7,2021,20210724,'','',''),
(1258,25,7,2021,20210725,'','',''),
(1524,26,7,2021,20210726,'','',''),
(1336,27,7,2021,20210727,'','',''),
(1927,28,7,2021,20210728,'','',''),
(2140,29,7,2021,20210729,'','',''),
(1973,30,7,2021,20210730,'','',''),
(1924,31,7,2021,20210731,'','',''),
(1861,1,8,2021,20210801,'','',''),
(1920,2,8,2021,20210802,'','',''),
(2022,3,8,2021,20210803,'','',''),
(2397,4,8,2021,20210804,'','',''),
(1926,5,8,2021,20210805,'','',''),
(1397,6,8,2021,20210806,'','',''),
(1319,7,8,2021,20210807,'','',''),
(1107,8,8,2021,20210808,'','',''),
(1435,9,8,2021,20210809,'','',''),
(1593,10,8,2021,20210810,'','',''),
(1696,11,8,2021,20210811,'','',''),
(1868,12,8,2021,20210812,'','',''),
(1831,13,8,2021,20210813,'','',''),
(4035,14,8,2021,20210814,'','',''),
(1618,15,8,2021,20210815,'','',''),
(1975,16,8,2021,20210816,'','',''),
(1745,17,8,2021,20210817,'','',''),
(1813,18,8,2021,20210818,'','',''),
(1864,19,8,2021,20210819,'','',''),
(2001,20,8,2021,20210820,'','',''),
(1972,21,8,2021,20210821,'','',''),
(1782,22,8,2021,20210822,'','',''),
(1664,23,8,2021,20210823,'','',''),
(1095,24,8,2021,20210824,'','',''),
(1401,25,8,2021,20210825,'','',''),
(1531,26,8,2021,20210826,'','',''),
(1808,27,8,2021,20210827,'','',''),
(2108,28,8,2021,20210828,'','',''),
(1943,29,8,2021,20210829,'','',''),
(1946,30,8,2021,20210830,'','',''),
(1795,31,8,2021,20210831,'','',''),
(1490,1,9,2021,20210901,'','',''),
(1441,2,9,2021,20210902,'','',''),
(1356,3,9,2021,20210903,'','',''),
(1180,4,9,2021,20210904,'','',''),
(1157,5,9,2021,20210905,'','',''),
(1183,6,9,2021,20210906,'','',''),
(1278,7,9,2021,20210907,'','',''),
(1204,8,9,2021,20210908,'','',''),
(1847,9,9,2021,20210909,'','',''),
(2484,10,9,2021,20210910,'','',''),
(1160,11,9,2021,20210911,'','',''),
(1109,12,9,2021,20210912,'','',''),
(3720,13,9,2021,20210913,'','',''),
(1628,14,9,2021,20210914,'','',''),
(1691,15,9,2021,20210915,'','',''),
(1592,16,9,2021,20210916,'','',''),
(1261,17,9,2021,20210917,'','',''),
(1529,18,9,2021,20210918,'','',''),
(1556,19,9,2021,20210919,'','',''),
(1906,20,9,2021,20210920,'','',''),
(1838,21,9,2021,20210921,'','',''),
(2071,22,9,2021,20210922,'','',''),
(1787,23,9,2021,20210923,'','',''),
(1322,24,9,2021,20210924,'','',''),
(1016,25,9,2021,20210925,'','',''),
(1608,26,9,2021,20210926,'','',''),
(1122,27,9,2021,20210927,'','',''),
(1125,28,9,2021,20210928,'','',''),
(1178,29,9,2021,20210929,'','',''),
(2063,30,9,2021,20210930,'','',''),
(1273,1,10,2021,20211001,'','',''),
(1050,2,10,2021,20211002,'','',''),
(1032,3,10,2021,20211003,'','',''),
(1000,4,10,2021,20211004,'','',''),
(1240,5,10,2021,20211005,'','',''),
(1122,6,10,2021,20211006,'','',''),
(1193,7,10,2021,20211007,'','',''),
(1178,8,10,2021,20211008,'','',''),
(1539,9,10,2021,20211009,'','',''),
(1448,10,10,2021,20211010,'','',''),
(1418,11,10,2021,20211011,'','',''),
(2089,12,10,2021,20211012,'','',''),
(2753,13,10,2021,20211013,'','',''),
(1113,14,10,2021,20211014,'','',''),
(1323,15,10,2021,20211015,'','',''),
(930,16,10,2021,20211016,'','',''),
(1099,17,10,2021,20211017,'','',''),
(1669,18,10,2021,20211018,'','',''),
(1712,19,10,2021,20211019,'','',''),
(1342,20,10,2021,20211020,'','',''),
(1478,21,10,2021,20211021,'','',''),
(1135,22,10,2021,20211022,'','',''),
(1682,23,10,2021,20211023,'','',''),
(1185,24,10,2021,20211024,'','',''),
(1169,25,10,2021,20211025,'','',''),
(1455,26,10,2021,20211026,'','',''),
(1711,27,10,2021,20211027,'','',''),
(1494,28,10,2021,20211028,'','',''),
(1745,29,10,2021,20211029,'','',''),
(1303,30,10,2021,20211030,'','',''),
(1221,31,10,2021,20211031,'','',''),
(1457,1,11,2021,20211101,'','',''),
(1116,2,11,2021,20211102,'','',''),
(1476,3,11,2021,20211103,'','',''),
(1299,4,11,2021,20211104,'','',''),
(1208,5,11,2021,20211105,'','',''),
(1269,6,11,2021,20211106,'','',''),
(1023,7,11,2021,20211107,'','',''),
(1412,8,11,2021,20211108,'','',''),
(1288,9,11,2021,20211109,'','',''),
(1309,10,11,2021,20211110,'','',''),
(1230,11,11,2021,20211111,'','',''),
(1318,12,11,2021,20211112,'','',''),
(1143,13,11,2021,20211113,'','',''),
(1146,14,11,2021,20211114,'','',''),
(990,15,11,2021,20211115,'','',''),
(1120,16,11,2021,20211116,'','',''),
(2775,17,11,2021,20211117,'','',''),
(2105,18,11,2021,20211118,'','',''),
(1549,19,11,2021,20211119,'','',''),
(1364,20,11,2021,20211120,'','',''),
(978,21,11,2021,20211121,'','',''),
(1343,22,11,2021,20211122,'','',''),
(1363,23,11,2021,20211123,'','',''),
(2339,24,11,2021,20211124,'','',''),
(2022,25,11,2021,20211125,'','',''),
(1393,26,11,2021,20211126,'','',''),
(1476,27,11,2021,20211127,'','',''),
(1551,28,11,2021,20211128,'','',''),
(1399,29,11,2021,20211129,'','',''),
(1304,30,11,2021,20211130,'','',''),
(1345,1,12,2021,20211201,'','',''),
(1155,2,12,2021,20211202,'','',''),
(1701,3,12,2021,20211203,'','',''),
(1076,4,12,2021,20211204,'','',''),
(890,5,12,2021,20211205,'','',''),
(1088,6,12,2021,20211206,'','',''),
(1510,7,12,2021,20211207,'','',''),
(983,8,12,2021,20211208,'','',''),
(1113,9,12,2021,20211209,'','',''),
(761,10,12,2021,20211210,'','',''),
(821,11,12,2021,20211211,'','',''),
(1789,12,12,2021,20211212,'','',''),
(993,13,12,2021,20211213,'','',''),
(994,14,12,2021,20211214,'','',''),
(1189,15,12,2021,20211215,'','',''),
(1283,16,12,2021,20211216,'','',''),
(1109,17,12,2021,20211217,'','',''),
(1204,18,12,2021,20211218,'','',''),
(1082,19,12,2021,20211219,'','',''),
(1155,20,12,2021,20211220,'','',''),
(1174,21,12,2021,20211221,'','',''),
(1265,22,12,2021,20211222,'','',''),
(1076,23,12,2021,20211223,'','',''),
(1226,24,12,2021,20211224,'','',''),
(958,25,12,2021,20211225,'','',''),
(1148,26,12,2021,20211226,'','',''),
(1771,27,12,2021,20211227,'','',''),
(1910,28,12,2021,20211228,'','',''),
(1427,29,12,2021,20211229,'','',''),
(1464,30,12,2021,20211230,'','',''),
(1526,31,12,2021,20211231,'','',''),
(1585,1,1,2022,20220101,'','',''),
(1217,2,1,2022,20220102,'','',''),
(5627,3,1,2022,20220103,'','',''),
(1349,4,1,2022,20220104,'','',''),
(1280,5,1,2022,20220105,'','',''),
(2427,6,1,2022,20220106,'','',''),
(1343,7,1,2022,20220107,'','',''),
(970,8,1,2022,20220108,'','',''),
(1258,9,1,2022,20220109,'','',''),
(1004,10,1,2022,20220110,'','',''),
(1111,11,1,2022,20220111,'','',''),
(907,12,1,2022,20220112,'','',''),
(1084,13,1,2022,20220113,'','',''),
(1050,14,1,2022,20220114,'','',''),
(1035,15,1,2022,20220115,'','',''),
(977,16,1,2022,20220116,'','',''),
(1253,17,1,2022,20220117,'','',''),
(1680,18,1,2022,20220118,'','',''),
(1865,19,1,2022,20220119,'','',''),
(1394,20,1,2022,20220120,'','',''),
(1620,21,1,2022,20220121,'','',''),
(1150,22,1,2022,20220122,'','',''),
(1322,23,1,2022,20220123,'','',''),
(1412,24,1,2022,20220124,'','',''),
(1411,25,1,2022,20220125,'','',''),
(1274,26,1,2022,20220126,'','',''),
(1314,27,1,2022,20220127,'','',''),
(1365,28,1,2022,20220128,'','',''),
(1148,29,1,2022,20220129,'','',''),
(1148,30,1,2022,20220130,'','',''),
(1130,31,1,2022,20220131,'','',''),
(1633,1,2,2022,20220201,'','',''),
(1486,2,2,2022,20220202,'','',''),
(1258,3,2,2022,20220203,'','',''),
(1349,4,2,2022,20220204,'','',''),
(1083,5,2,2022,20220205,'','',''),
(1180,6,2,2022,20220206,'','',''),
(1468,7,2,2022,20220207,'','',''),
(5158,8,2,2022,20220208,'','',''),
(1443,9,2,2022,20220209,'','',''),
(1362,10,2,2022,20220210,'','',''),
(1148,11,2,2022,20220211,'','',''),
(1301,12,2,2022,20220212,'','',''),
(1222,13,2,2022,20220213,'','',''),
(1007,14,2,2022,20220214,'','',''),
(1434,15,2,2022,20220215,'','',''),
(1035,16,2,2022,20220216,'','',''),
(1249,17,2,2022,20220217,'','',''),
(1436,18,2,2022,20220218,'','',''),
(1439,19,2,2022,20220219,'','',''),
(1285,20,2,2022,20220220,'','',''),
(1396,21,2,2022,20220221,'','',''),
(1078,22,2,2022,20220222,'','',''),
(1086,23,2,2022,20220223,'','',''),
(1917,24,2,2022,20220224,'','',''),
(1333,25,2,2022,20220225,'','',''),
(1168,26,2,2022,20220226,'','',''),
(1229,27,2,2022,20220227,'','',''),
(1720,28,2,2022,20220228,'','',''),
(1138,1,3,2022,20220301,'','',''),
(1573,2,3,2022,20220302,'','',''),
(1200,3,3,2022,20220303,'','',''),
(2604,4,3,2022,20220304,'','',''),
(1223,5,3,2022,20220305,'','',''),
(1034,6,3,2022,20220306,'','',''),
(1324,7,3,2022,20220307,'','',''),
(1094,8,3,2022,20220308,'','',''),
(1205,9,3,2022,20220309,'','',''),
(1123,10,3,2022,20220310,'','',''),
(1612,11,3,2022,20220311,'','',''),
(1004,12,3,2022,20220312,'','',''),
(950,13,3,2022,20220313,'','',''),
(1129,14,3,2022,20220314,'','',''),
(1017,15,3,2022,20220315,'','',''),
(907,16,3,2022,20220316,'','',''),
(1016,17,3,2022,20220317,'','',''),
(922,18,3,2022,20220318,'','',''),
(1240,19,3,2022,20220319,'','',''),
(888,20,3,2022,20220320,'','',''),
(1151,21,3,2022,20220321,'','',''),
(898,22,3,2022,20220322,'','',''),
(1137,23,3,2022,20220323,'','',''),
(859,24,3,2022,20220324,'','',''),
(1081,25,3,2022,20220325,'','',''),
(1712,26,3,2022,20220326,'','',''),
(1097,27,3,2022,20220327,'','',''),
(1035,28,3,2022,20220328,'','',''),
(1473,29,3,2022,20220329,'','',''),
(1337,30,3,2022,20220330,'','',''),
(1851,31,3,2022,20220331,'','',''),
(1131,1,4,2022,20220401,'','',''),
(1085,2,4,2022,20220402,'','',''),
(996,3,4,2022,20220403,'','',''),
(1037,4,4,2022,20220404,'','',''),
(1011,5,4,2022,20220405,'','',''),
(841,6,4,2022,20220406,'','',''),
(1069,7,4,2022,20220407,'','',''),
(1198,8,4,2022,20220408,'','',''),
(849,9,4,2022,20220409,'','',''),
(2331,10,4,2022,20220410,'','',''),
(1101,11,4,2022,20220411,'','',''),
(1024,12,4,2022,20220412,'','',''),
(1092,13,4,2022,20220413,'','',''),
(1188,14,4,2022,20220414,'','',''),
(1038,15,4,2022,20220415,'','',''),
(1152,16,4,2022,20220416,'','',''),
(1127,17,4,2022,20220417,'','',''),
(1124,18,4,2022,20220418,'','',''),
(1153,19,4,2022,20220419,'','',''),
(1544,20,4,2022,20220420,'','',''),
(1048,21,4,2022,20220421,'','',''),
(2546,22,4,2022,20220422,'','',''),
(1747,23,4,2022,20220423,'','',''),
(1360,24,4,2022,20220424,'','',''),
(988,25,4,2022,20220425,'','',''),
(1529,26,4,2022,20220426,'','',''),
(1039,27,4,2022,20220427,'','',''),
(1744,28,4,2022,20220428,'','',''),
(2947,29,4,2022,20220429,'','',''),
(1681,30,4,2022,20220430,'','',''),
(1406,1,5,2022,20220501,'','',''),
(1331,2,5,2022,20220502,'','',''),
(1261,3,5,2022,20220503,'','',''),
(1542,4,5,2022,20220504,'','',''),
(1432,5,5,2022,20220505,'','',''),
(1331,6,5,2022,20220506,'','',''),
(1383,7,5,2022,20220507,'','',''),
(1414,8,5,2022,20220508,'','',''),
(1310,9,5,2022,20220509,'','',''),
(2090,10,5,2022,20220510,'','',''),
(1267,11,5,2022,20220511,'','',''),
(1304,12,5,2022,20220512,'','',''),
(1164,13,5,2022,20220513,'','',''),
(1076,14,5,2022,20220514,'','',''),
(1027,15,5,2022,20220515,'','',''),
(1439,16,5,2022,20220516,'','',''),
(1304,17,5,2022,20220517,'','',''),
(1301,18,5,2022,20220518,'','',''),
(1228,19,5,2022,20220519,'','',''),
(1274,20,5,2022,20220520,'','',''),
(1307,21,5,2022,20220521,'','',''),
(1924,22,5,2022,20220522,'','',''),
(2045,23,5,2022,20220523,'','',''),
(1498,24,5,2022,20220524,'','',''),
(1224,25,5,2022,20220525,'','',''),
(1272,26,5,2022,20220526,'','',''),
(1326,27,5,2022,20220527,'','',''),
(1067,28,5,2022,20220528,'','',''),
(1454,29,5,2022,20220529,'','',''),
(1396,30,5,2022,20220530,'','',''),
(1488,31,5,2022,20220531,'','',''),
(1415,1,6,2022,20220601,'','',''),
(1504,2,6,2022,20220602,'','',''),
(1299,3,6,2022,20220603,'','',''),
(2468,4,6,2022,20220604,'','',''),
(1275,5,6,2022,20220605,'','',''),
(1318,6,6,2022,20220606,'','',''),
(1343,7,6,2022,20220607,'','',''),
(1473,8,6,2022,20220608,'','',''),
(1112,9,6,2022,20220609,'','',''),
(1365,10,6,2022,20220610,'','',''),
(1399,11,6,2022,20220611,'','',''),
(953,12,6,2022,20220612,'','',''),
(1259,13,6,2022,20220613,'','',''),
(1242,14,6,2022,20220614,'','',''),
(1147,15,6,2022,20220615,'','',''),
(1349,16,6,2022,20220616,'','',''),
(1366,17,6,2022,20220617,'','',''),
(1366,18,6,2022,20220618,'','',''),
(1263,19,6,2022,20220619,'','',''),
(1034,20,6,2022,20220620,'','',''),
(846,21,6,2022,20220621,'','',''),
(1014,22,6,2022,20220622,'','',''),
(900,23,6,2022,20220623,'','',''),
(1703,24,6,2022,20220624,'','',''),
(1370,25,6,2022,20220625,'','',''),
(1463,26,6,2022,20220626,'','',''),
(1218,27,6,2022,20220627,'','',''),
(1491,28,6,2022,20220628,'','',''),
(1101,29,6,2022,20220629,'','',''),
(247,1,7,2022,20220701,'','',''),
(557,2,7,2022,20220702,'','',''),
(1147,3,7,2022,20220703,'','',''),
(547,4,7,2022,20220704,'','',''),
(671,5,7,2022,20220705,'','',''),
(817,6,7,2022,20220706,'','',''),
(1461,7,7,2022,20220707,'','',''),
(1515,8,7,2022,20220708,'','',''),
(1259,9,7,2022,20220709,'','',''),
(2033,10,7,2022,20220710,'','',''),
(1801,11,7,2022,20220711,'','',''),
(1277,12,7,2022,20220712,'','',''),
(1221,13,7,2022,20220713,'','',''),
(1483,14,7,2022,20220714,'','',''),
(1225,15,7,2022,20220715,'','',''),
(1096,16,7,2022,20220716,'','',''),
(1791,17,7,2022,20220717,'','',''),
(5280,18,7,2022,20220718,'','',''),
(2209,19,7,2022,20220719,'','',''),
(932,20,7,2022,20220720,'','',''),
(838,21,7,2022,20220721,'','',''),
(1761,22,7,2022,20220722,'','',''),
(1221,23,7,2022,20220723,'','',''),
(1013,24,7,2022,20220724,'','',''),
(1765,25,7,2022,20220725,'','',''),
(1870,26,7,2022,20220726,'','',''),
(1511,27,7,2022,20220727,'','',''),
(1247,28,7,2022,20220728,'','',''),
(1809,29,7,2022,20220729,'','',''),
(1082,30,7,2022,20220730,'','',''),
(1332,31,7,2022,20220731,'','',''),
(1320,1,8,2022,20220801,'','',''),
(1037,2,8,2022,20220802,'','',''),
(982,3,8,2022,20220803,'','',''),
(1155,4,8,2022,20220804,'','',''),
(1559,5,8,2022,20220805,'','',''),
(2425,6,8,2022,20220806,'','',''),
(1464,7,8,2022,20220807,'','',''),
(1114,8,8,2022,20220808,'','',''),
(1048,9,8,2022,20220809,'','',''),
(1163,10,8,2022,20220810,'','',''),
(1224,11,8,2022,20220811,'','',''),
(1369,12,8,2022,20220812,'','',''),
(3227,13,8,2022,20220813,'','',''),
(1692,14,8,2022,20220814,'','',''),
(1499,15,8,2022,20220815,'','',''),
(1543,16,8,2022,20220816,'','',''),
(1502,17,8,2022,20220817,'','',''),
(1383,18,8,2022,20220818,'','',''),
(1322,19,8,2022,20220819,'','',''),
(1288,20,8,2022,20220820,'','',''),
(1004,21,8,2022,20220821,'','',''),
(6926,22,8,2022,20220822,'','',''),
(2300,23,8,2022,20220823,'','',''),
(1568,24,8,2022,20220824,'','',''),
(1142,25,8,2022,20220825,'','',''),
(2151,26,8,2022,20220826,'','',''),
(2055,27,8,2022,20220827,'','',''),
(1451,28,8,2022,20220828,'','',''),
(1631,29,8,2022,20220829,'','',''),
(2510,30,8,2022,20220830,'','',''),
(2147,31,8,2022,20220831,'','',''),
(1722,1,9,2022,20220901,'','',''),
(1779,2,9,2022,20220902,'','',''),
(1452,3,9,2022,20220903,'','',''),
(1467,4,9,2022,20220904,'','',''),
(1946,5,9,2022,20220905,'','',''),
(1416,6,9,2022,20220906,'','',''),
(1983,7,9,2022,20220907,'','',''),
(2465,8,9,2022,20220908,'','',''),
(1973,9,9,2022,20220909,'','',''),
(1351,10,9,2022,20220910,'','',''),
(1483,11,9,2022,20220911,'','',''),
(1622,12,9,2022,20220912,'','',''),
(1780,13,9,2022,20220913,'','',''),
(1529,14,9,2022,20220914,'','',''),
(1757,15,9,2022,20220915,'','',''),
(1865,16,9,2022,20220916,'','',''),
(2395,17,9,2022,20220917,'','',''),
(1777,18,9,2022,20220918,'','',''),
(1786,19,9,2022,20220919,'','',''),
(2012,20,9,2022,20220920,'','',''),
(2033,21,9,2022,20220921,'','',''),
(1217,22,9,2022,20220922,'','',''),
(1986,23,9,2022,20220923,'','',''),
(2017,24,9,2022,20220924,'','',''),
(1410,25,9,2022,20220925,'','',''),
(4977,26,9,2022,20220926,'','',''),
(5572,27,9,2022,20220927,'','',''),
(2232,28,9,2022,20220928,'','',''),
(1687,29,9,2022,20220929,'','',''),
(1508,30,9,2022,20220930,'','',''),
(1751,1,10,2022,20221001,'','',''),
(1904,2,10,2022,20221002,'','',''),
(1900,3,10,2022,20221003,'','',''),
(2656,4,10,2022,20221004,'','',''),
(3732,5,10,2022,20221005,'','',''),
(3312,6,10,2022,20221006,'','',''),
(882,7,10,2022,20221007,'','',''),
(1238,8,10,2022,20221008,'','',''),
(839,9,10,2022,20221009,'','',''),
(1571,10,10,2022,20221010,'','',''),
(2326,11,10,2022,20221011,'','',''),
(967,12,10,2022,20221012,'','',''),
(1083,13,10,2022,20221013,'','',''),
(1000,14,10,2022,20221014,'','',''),
(1283,15,10,2022,20221015,'','',''),
(2870,16,10,2022,20221016,'','',''),
(989,17,10,2022,20221017,'','',''),
(4045,18,10,2022,20221018,'','',''),
(3138,19,10,2022,20221019,'','',''),
(736,20,10,2022,20221020,'','',''),
(1249,21,10,2022,20221021,'','',''),
(1197,22,10,2022,20221022,'','',''),
(1271,23,10,2022,20221023,'','',''),
(187,24,10,2022,20221024,'','',''),
(53,25,10,2022,20221025,'','',''),
(39,26,10,2022,20221026,'','',''),
(36,27,10,2022,20221027,'','',''),
(51,28,10,2022,20221028,'','',''),
(11,29,10,2022,20221029,'','',''),
(14,30,10,2022,20221030,'','',''),
(37,31,10,2022,20221031,'','',''),
(66,1,11,2022,20221101,'','',''),
(42,2,11,2022,20221102,'','',''),
(66,3,11,2022,20221103,'','',''),
(51,4,11,2022,20221104,'','',''),
(26,5,11,2022,20221105,'','',''),
(19,6,11,2022,20221106,'','',''),
(38,7,11,2022,20221107,'','',''),
(47,8,11,2022,20221108,'','',''),
(62,9,11,2022,20221109,'','',''),
(51,10,11,2022,20221110,'','',''),
(33,11,11,2022,20221111,'','',''),
(30,12,11,2022,20221112,'','',''),
(17,13,11,2022,20221113,'','',''),
(34,14,11,2022,20221114,'','',''),
(54,15,11,2022,20221115,'','',''),
(46,16,11,2022,20221116,'','',''),
(56,17,11,2022,20221117,'','',''),
(32,29,11,2022,20221129,'','',''),
(1304,30,11,2022,20221130,'','',''),
(1150,1,12,2022,20221201,'','',''),
(34,2,12,2022,20221202,'','',''),
(28,3,12,2022,20221203,'','',''),
(33,4,12,2022,20221204,'','',''),
(83,5,12,2022,20221205,'','',''),
(35,6,12,2022,20221206,'','',''),
(41,7,12,2022,20221207,'','',''),
(43,8,12,2022,20221208,'','',''),
(20,9,12,2022,20221209,'','',''),
(16,10,12,2022,20221210,'','',''),
(5,11,12,2022,20221211,'','',''),
(4,12,12,2022,20221212,'','',''),
(7,13,12,2022,20221213,'','',''),
(5,14,12,2022,20221214,'','',''),
(13,15,12,2022,20221215,'','',''),
(32,16,12,2022,20221216,'','',''),
(23,17,12,2022,20221217,'','',''),
(9,18,12,2022,20221218,'','',''),
(24,19,12,2022,20221219,'','',''),
(17,20,12,2022,20221220,'','',''),
(33,21,12,2022,20221221,'','',''),
(17,22,12,2022,20221222,'','',''),
(20,23,12,2022,20221223,'','',''),
(20,24,12,2022,20221224,'','',''),
(9,25,12,2022,20221225,'','',''),
(33,26,12,2022,20221226,'','',''),
(28,27,12,2022,20221227,'','',''),
(37,28,12,2022,20221228,'','',''),
(50,29,12,2022,20221229,'','',''),
(37,30,12,2022,20221230,'','',''),
(55,31,12,2022,20221231,'','',''),
(19,1,1,2023,20230101,'','',''),
(31,2,1,2023,20230102,'','',''),
(29,3,1,2023,20230103,'','',''),
(40,4,1,2023,20230104,'','',''),
(55,5,1,2023,20230105,'','',''),
(45,6,1,2023,20230106,'','',''),
(32,7,1,2023,20230107,'','',''),
(26,8,1,2023,20230108,'','',''),
(60,9,1,2023,20230109,'','',''),
(21,10,1,2023,20230110,'','',''),
(34,11,1,2023,20230111,'','',''),
(18,12,1,2023,20230112,'','',''),
(44,13,1,2023,20230113,'','',''),
(34,14,1,2023,20230114,'','',''),
(19,15,1,2023,20230115,'','',''),
(46,16,1,2023,20230116,'','',''),
(28,17,1,2023,20230117,'','',''),
(34,18,1,2023,20230118,'','',''),
(31,19,1,2023,20230119,'','',''),
(49,20,1,2023,20230120,'','',''),
(35,21,1,2023,20230121,'','',''),
(17,22,1,2023,20230122,'','',''),
(63,23,1,2023,20230123,'','',''),
(48,24,1,2023,20230124,'','',''),
(37,25,1,2023,20230125,'','',''),
(37,26,1,2023,20230126,'','',''),
(63,27,1,2023,20230127,'','',''),
(41,28,1,2023,20230128,'','',''),
(29,29,1,2023,20230129,'','',''),
(44,30,1,2023,20230130,'','',''),
(51,31,1,2023,20230131,'','',''),
(32,1,2,2023,20230201,'','',''),
(48,2,2,2023,20230202,'','',''),
(45,3,2,2023,20230203,'','',''),
(52,4,2,2023,20230204,'','',''),
(16,5,2,2023,20230205,'','',''),
(34,6,2,2023,20230206,'','',''),
(58,7,2,2023,20230207,'','',''),
(58,8,2,2023,20230208,'','',''),
(42,9,2,2023,20230209,'','',''),
(39,10,2,2023,20230210,'','',''),
(39,11,2,2023,20230211,'','',''),
(28,12,2,2023,20230212,'','',''),
(47,13,2,2023,20230213,'','',''),
(19,14,2,2023,20230214,'','',''),
(28,15,2,2023,20230215,'','',''),
(44,16,2,2023,20230216,'','',''),
(39,17,2,2023,20230217,'','',''),
(33,18,2,2023,20230218,'','',''),
(17,19,2,2023,20230219,'','',''),
(25,20,2,2023,20230220,'','',''),
(39,21,2,2023,20230221,'','',''),
(43,22,2,2023,20230222,'','',''),
(40,23,2,2023,20230223,'','',''),
(64,24,2,2023,20230224,'','',''),
(28,25,2,2023,20230225,'','',''),
(14,26,2,2023,20230226,'','',''),
(42,27,2,2023,20230227,'','',''),
(29,28,2,2023,20230228,'','',''),
(41,1,3,2023,20230301,'','',''),
(43,2,3,2023,20230302,'','',''),
(35,3,3,2023,20230303,'','',''),
(37,4,3,2023,20230304,'','',''),
(5,5,3,2023,20230305,'','',''),
(37,6,3,2023,20230306,'','',''),
(74,7,3,2023,20230307,'','',''),
(41,8,3,2023,20230308,'','',''),
(106,9,3,2023,20230309,'','',''),
(57,10,3,2023,20230310,'','',''),
(34,11,3,2023,20230311,'','',''),
(27,12,3,2023,20230312,'','',''),
(33,13,3,2023,20230313,'','',''),
(47,14,3,2023,20230314,'','',''),
(42,15,3,2023,20230315,'','',''),
(42,16,3,2023,20230316,'','',''),
(63,17,3,2023,20230317,'','',''),
(48,18,3,2023,20230318,'','',''),
(27,19,3,2023,20230319,'','',''),
(39,20,3,2023,20230320,'','',''),
(31,21,3,2023,20230321,'','',''),
(32,22,3,2023,20230322,'','',''),
(36,23,3,2023,20230323,'','',''),
(39,24,3,2023,20230324,'','',''),
(26,25,3,2023,20230325,'','',''),
(42,26,3,2023,20230326,'','',''),
(55,27,3,2023,20230327,'','',''),
(58,28,3,2023,20230328,'','',''),
(51,29,3,2023,20230329,'','',''),
(59,30,3,2023,20230330,'','',''),
(25,31,3,2023,20230331,'','',''),
(38,1,4,2023,20230401,'','',''),
(9,2,4,2023,20230402,'','',''),
(48,3,4,2023,20230403,'','',''),
(52,4,4,2023,20230404,'','',''),
(49,5,4,2023,20230405,'','',''),
(40,6,4,2023,20230406,'','',''),
(44,7,4,2023,20230407,'','',''),
(37,8,4,2023,20230408,'','',''),
(31,9,4,2023,20230409,'','',''),
(78,10,4,2023,20230410,'','',''),
(44,11,4,2023,20230411,'','',''),
(59,12,4,2023,20230412,'','',''),
(49,13,4,2023,20230413,'','',''),
(39,14,4,2023,20230414,'','',''),
(39,15,4,2023,20230415,'','',''),
(13,16,4,2023,20230416,'','',''),
(41,17,4,2023,20230417,'','',''),
(38,18,4,2023,20230418,'','',''),
(49,19,4,2023,20230419,'','',''),
(40,20,4,2023,20230420,'','',''),
(49,21,4,2023,20230421,'','',''),
(35,22,4,2023,20230422,'','',''),
(26,23,4,2023,20230423,'','',''),
(41,24,4,2023,20230424,'','',''),
(35,25,4,2023,20230425,'','',''),
(52,26,4,2023,20230426,'','',''),
(48,27,4,2023,20230427,'','',''),
(51,28,4,2023,20230428,'','',''),
(59,29,4,2023,20230429,'','',''),
(25,30,4,2023,20230430,'','',''),
(51,1,5,2023,20230501,'','',''),
(61,2,5,2023,20230502,'','',''),
(33,3,5,2023,20230503,'','',''),
(33,4,5,2023,20230504,'','',''),
(39,5,5,2023,20230505,'','',''),
(34,6,5,2023,20230506,'','',''),
(28,7,5,2023,20230507,'','',''),
(26,8,5,2023,20230508,'','',''),
(42,9,5,2023,20230509,'','',''),
(30,10,5,2023,20230510,'','',''),
(32,11,5,2023,20230511,'','',''),
(58,12,5,2023,20230512,'','',''),
(25,13,5,2023,20230513,'','',''),
(18,14,5,2023,20230514,'','',''),
(58,15,5,2023,20230515,'','',''),
(26,16,5,2023,20230516,'','',''),
(39,17,5,2023,20230517,'','',''),
(41,18,5,2023,20230518,'','',''),
(67,19,5,2023,20230519,'','',''),
(22,20,5,2023,20230520,'','',''),
(13,21,5,2023,20230521,'','',''),
(28,22,5,2023,20230522,'','',''),
(49,23,5,2023,20230523,'','',''),
(38,24,5,2023,20230524,'','',''),
(16,25,5,2023,20230525,'','',''),
(18,26,5,2023,20230526,'','',''),
(26,27,5,2023,20230527,'','',''),
(22,28,5,2023,20230528,'','',''),
(42,29,5,2023,20230529,'','',''),
(32,30,5,2023,20230530,'','',''),
(31,31,5,2023,20230531,'','',''),
(46,1,6,2023,20230601,'','',''),
(38,2,6,2023,20230602,'','',''),
(42,3,6,2023,20230603,'','',''),
(16,4,6,2023,20230604,'','',''),
(45,5,6,2023,20230605,'','',''),
(59,6,6,2023,20230606,'','',''),
(39,7,6,2023,20230607,'','',''),
(31,8,6,2023,20230608,'','',''),
(62,9,6,2023,20230609,'','',''),
(47,10,6,2023,20230610,'','',''),
(24,11,6,2023,20230611,'','',''),
(40,12,6,2023,20230612,'','',''),
(32,13,6,2023,20230613,'','',''),
(57,14,6,2023,20230614,'','',''),
(42,15,6,2023,20230615,'','',''),
(58,16,6,2023,20230616,'','',''),
(37,17,6,2023,20230617,'','',''),
(26,18,6,2023,20230618,'','',''),
(15,19,6,2023,20230619,'','',''),
(37,20,6,2023,20230620,'','',''),
(54,21,6,2023,20230621,'','',''),
(40,22,6,2023,20230622,'','',''),
(51,23,6,2023,20230623,'','',''),
(41,24,6,2023,20230624,'','',''),
(18,25,6,2023,20230625,'','',''),
(42,26,6,2023,20230626,'','',''),
(34,27,6,2023,20230627,'','',''),
(35,28,6,2023,20230628,'','',''),
(50,29,6,2023,20230629,'','',''),
(26,30,6,2023,20230630,'','',''),
(24,1,7,2023,20230701,'','',''),
(22,2,7,2023,20230702,'','',''),
(47,3,7,2023,20230703,'','',''),
(55,4,7,2023,20230704,'','',''),
(64,5,7,2023,20230705,'','',''),
(46,6,7,2023,20230706,'','',''),
(39,7,7,2023,20230707,'','',''),
(41,8,7,2023,20230708,'','',''),
(12,9,7,2023,20230709,'','',''),
(73,10,7,2023,20230710,'','',''),
(112,11,7,2023,20230711,'','',''),
(36,12,7,2023,20230712,'','',''),
(65,13,7,2023,20230713,'','',''),
(49,14,7,2023,20230714,'','',''),
(44,15,7,2023,20230715,'','',''),
(20,16,7,2023,20230716,'','',''),
(75,17,7,2023,20230717,'','',''),
(57,18,7,2023,20230718,'','',''),
(51,19,7,2023,20230719,'','',''),
(69,20,7,2023,20230720,'','',''),
(60,21,7,2023,20230721,'','',''),
(40,22,7,2023,20230722,'','',''),
(25,23,7,2023,20230723,'','',''),
(55,24,7,2023,20230724,'','',''),
(41,25,7,2023,20230725,'','',''),
(51,26,7,2023,20230726,'','',''),
(70,27,7,2023,20230727,'','',''),
(49,28,7,2023,20230728,'','',''),
(46,29,7,2023,20230729,'','',''),
(22,30,7,2023,20230730,'','',''),
(52,31,7,2023,20230731,'','',''),
(96,1,8,2023,20230801,'','',''),
(75,2,8,2023,20230802,'','',''),
(61,3,8,2023,20230803,'','',''),
(49,4,8,2023,20230804,'','',''),
(27,5,8,2023,20230805,'','',''),
(14,6,8,2023,20230806,'','',''),
(62,7,8,2023,20230807,'','',''),
(58,8,8,2023,20230808,'','',''),
(67,9,8,2023,20230809,'','',''),
(70,10,8,2023,20230810,'','',''),
(54,11,8,2023,20230811,'','',''),
(35,12,8,2023,20230812,'','',''),
(31,13,8,2023,20230813,'','',''),
(58,14,8,2023,20230814,'','',''),
(55,15,8,2023,20230815,'','',''),
(64,16,8,2023,20230816,'','',''),
(48,17,8,2023,20230817,'','',''),
(38,18,8,2023,20230818,'','',''),
(29,19,8,2023,20230819,'','',''),
(24,20,8,2023,20230820,'','',''),
(21,21,8,2023,20230821,'','',''),
(73,22,8,2023,20230822,'','',''),
(55,23,8,2023,20230823,'','',''),
(62,24,8,2023,20230824,'','',''),
(56,25,8,2023,20230825,'','',''),
(35,26,8,2023,20230826,'','',''),
(27,27,8,2023,20230827,'','',''),
(65,28,8,2023,20230828,'','',''),
(57,29,8,2023,20230829,'','',''),
(42,30,8,2023,20230830,'','',''),
(54,31,8,2023,20230831,'','',''),
(33,1,9,2023,20230901,'','',''),
(32,2,9,2023,20230902,'','',''),
(19,3,9,2023,20230903,'','',''),
(57,4,9,2023,20230904,'','',''),
(74,5,9,2023,20230905,'','',''),
(64,6,9,2023,20230906,'','',''),
(56,7,9,2023,20230907,'','',''),
(69,8,9,2023,20230908,'','',''),
(23,9,9,2023,20230909,'','',''),
(16,10,9,2023,20230910,'','',''),
(49,11,9,2023,20230911,'','',''),
(59,12,9,2023,20230912,'','',''),
(51,13,9,2023,20230913,'','',''),
(80,14,9,2023,20230914,'','',''),
(58,15,9,2023,20230915,'','',''),
(19,16,9,2023,20230916,'','',''),
(10,17,9,2023,20230917,'','',''),
(53,18,9,2023,20230918,'','',''),
(49,19,9,2023,20230919,'','',''),
(81,20,9,2023,20230920,'','',''),
(66,21,9,2023,20230921,'','',''),
(37,22,9,2023,20230922,'','',''),
(51,23,9,2023,20230923,'','',''),
(29,24,9,2023,20230924,'','',''),
(46,25,9,2023,20230925,'','',''),
(47,26,9,2023,20230926,'','',''),
(112,27,9,2023,20230927,'','',''),
(96,28,9,2023,20230928,'','',''),
(60,29,9,2023,20230929,'','',''),
(33,30,9,2023,20230930,'','',''),
(44,1,10,2023,20231001,'','',''),
(57,2,10,2023,20231002,'','',''),
(60,3,10,2023,20231003,'','',''),
(49,4,10,2023,20231004,'','',''),
(48,5,10,2023,20231005,'','',''),
(41,6,10,2023,20231006,'','',''),
(34,7,10,2023,20231007,'','',''),
(1,8,10,2023,20231008,'','',''),
(55,9,10,2023,20231009,'','',''),
(50,10,10,2023,20231010,'','',''),
(61,11,10,2023,20231011,'','',''),
(58,12,10,2023,20231012,'','',''),
(54,13,10,2023,20231013,'','',''),
(41,14,10,2023,20231014,'','',''),
(22,15,10,2023,20231015,'','',''),
(20,16,10,2023,20231016,'','',''),
(66,17,10,2023,20231017,'','',''),
(57,18,10,2023,20231018,'','',''),
(59,19,10,2023,20231019,'','',''),
(56,20,10,2023,20231020,'','',''),
(28,21,10,2023,20231021,'','',''),
(7,22,10,2023,20231022,'','',''),
(40,23,10,2023,20231023,'','',''),
(37,24,10,2023,20231024,'','',''),
(38,25,10,2023,20231025,'','',''),
(50,26,10,2023,20231026,'','',''),
(39,27,10,2023,20231027,'','',''),
(28,28,10,2023,20231028,'','',''),
(15,29,10,2023,20231029,'','',''),
(28,30,10,2023,20231030,'','',''),
(52,31,10,2023,20231031,'','',''),
(51,1,11,2023,20231101,'','',''),
(57,2,11,2023,20231102,'','',''),
(50,3,11,2023,20231103,'','',''),
(24,4,11,2023,20231104,'','',''),
(17,5,11,2023,20231105,'','',''),
(40,6,11,2023,20231106,'','',''),
(52,7,11,2023,20231107,'','',''),
(48,8,11,2023,20231108,'','',''),
(88,9,11,2023,20231109,'','',''),
(77,10,11,2023,20231110,'','',''),
(20,11,11,2023,20231111,'','',''),
(22,12,11,2023,20231112,'','',''),
(62,13,11,2023,20231113,'','',''),
(64,14,11,2023,20231114,'','',''),
(65,15,11,2023,20231115,'','',''),
(72,16,11,2023,20231116,'','',''),
(63,17,11,2023,20231117,'','',''),
(48,18,11,2023,20231118,'','',''),
(35,19,11,2023,20231119,'','',''),
(53,20,11,2023,20231120,'','',''),
(46,21,11,2023,20231121,'','',''),
(59,22,11,2023,20231122,'','',''),
(70,23,11,2023,20231123,'','',''),
(64,24,11,2023,20231124,'','',''),
(26,25,11,2023,20231125,'','',''),
(26,26,11,2023,20231126,'','',''),
(73,27,11,2023,20231127,'','',''),
(87,28,11,2023,20231128,'','',''),
(61,29,11,2023,20231129,'','',''),
(58,30,11,2023,20231130,'','',''),
(59,1,12,2023,20231201,'','',''),
(32,2,12,2023,20231202,'','',''),
(21,3,12,2023,20231203,'','',''),
(59,4,12,2023,20231204,'','',''),
(53,5,12,2023,20231205,'','',''),
(83,6,12,2023,20231206,'','',''),
(42,7,12,2023,20231207,'','',''),
(21,8,12,2023,20231208,'','',''),
(26,9,12,2023,20231209,'','',''),
(12,10,12,2023,20231210,'','',''),
(53,11,12,2023,20231211,'','',''),
(53,12,12,2023,20231212,'','',''),
(75,13,12,2023,20231213,'','',''),
(64,14,12,2023,20231214,'','',''),
(68,15,12,2023,20231215,'','',''),
(41,16,12,2023,20231216,'','',''),
(46,17,12,2023,20231217,'','',''),
(61,18,12,2023,20231218,'','',''),
(56,19,12,2023,20231219,'','',''),
(76,20,12,2023,20231220,'','',''),
(77,21,12,2023,20231221,'','',''),
(80,22,12,2023,20231222,'','',''),
(48,23,12,2023,20231223,'','',''),
(32,24,12,2023,20231224,'','',''),
(32,25,12,2023,20231225,'','',''),
(59,26,12,2023,20231226,'','',''),
(108,27,12,2023,20231227,'','',''),
(69,28,12,2023,20231228,'','',''),
(71,29,12,2023,20231229,'','',''),
(57,30,12,2023,20231230,'','',''),
(38,31,12,2023,20231231,'','',''),
(36,1,1,2024,20240101,'','',''),
(47,2,1,2024,20240102,'','',''),
(1261,3,1,2024,20240103,'','',''),
(1452,4,1,2024,20240104,'','',''),
(93,5,1,2024,20240105,'','',''),
(41,6,1,2024,20240106,'','',''),
(17,7,1,2024,20240107,'','',''),
(58,8,1,2024,20240108,'','',''),
(57,9,1,2024,20240109,'','',''),
(59,10,1,2024,20240110,'','',''),
(59,11,1,2024,20240111,'','',''),
(55,12,1,2024,20240112,'','',''),
(46,13,1,2024,20240113,'','',''),
(21,14,1,2024,20240114,'','',''),
(50,15,1,2024,20240115,'','',''),
(48,16,1,2024,20240116,'','',''),
(54,17,1,2024,20240117,'','',''),
(59,18,1,2024,20240118,'','',''),
(58,19,1,2024,20240119,'','',''),
(33,20,1,2024,20240120,'','',''),
(44,21,1,2024,20240121,'','',''),
(54,22,1,2024,20240122,'','',''),
(50,23,1,2024,20240123,'','',''),
(57,24,1,2024,20240124,'','',''),
(55,25,1,2024,20240125,'','',''),
(59,26,1,2024,20240126,'','',''),
(35,27,1,2024,20240127,'','',''),
(32,28,1,2024,20240128,'','',''),
(53,29,1,2024,20240129,'','',''),
(37,30,1,2024,20240130,'','',''),
(65,31,1,2024,20240131,'','',''),
(97,1,2,2024,20240201,'','',''),
(43,2,2,2024,20240202,'','',''),
(39,3,2,2024,20240203,'','',''),
(42,4,2,2024,20240204,'','',''),
(38,5,2,2024,20240205,'','',''),
(49,6,2,2024,20240206,'','',''),
(40,7,2,2024,20240207,'','',''),
(66,8,2,2024,20240208,'','',''),
(41,9,2,2024,20240209,'','',''),
(41,10,2,2024,20240210,'','',''),
(27,11,2,2024,20240211,'','',''),
(23,12,2,2024,20240212,'','',''),
(31,13,2,2024,20240213,'','',''),
(45,14,2,2024,20240214,'','',''),
(76,15,2,2024,20240215,'','',''),
(50,16,2,2024,20240216,'','',''),
(37,17,2,2024,20240217,'','',''),
(48,18,2,2024,20240218,'','',''),
(65,19,2,2024,20240219,'','',''),
(33,20,2,2024,20240220,'','',''),
(58,21,2,2024,20240221,'','',''),
(50,22,2,2024,20240222,'','',''),
(67,23,2,2024,20240223,'','',''),
(42,24,2,2024,20240224,'','',''),
(36,25,2,2024,20240225,'','',''),
(58,26,2,2024,20240226,'','',''),
(60,27,2,2024,20240227,'','',''),
(55,28,2,2024,20240228,'','',''),
(52,29,2,2024,20240229,'','',''),
(53,1,3,2024,20240301,'','',''),
(27,2,3,2024,20240302,'','',''),
(25,3,3,2024,20240303,'','',''),
(51,4,3,2024,20240304,'','',''),
(50,5,3,2024,20240305,'','',''),
(64,6,3,2024,20240306,'','',''),
(57,7,3,2024,20240307,'','',''),
(64,8,3,2024,20240308,'','',''),
(33,9,3,2024,20240309,'','',''),
(25,10,3,2024,20240310,'','',''),
(62,11,3,2024,20240311,'','',''),
(53,12,3,2024,20240312,'','',''),
(64,13,3,2024,20240313,'','',''),
(58,14,3,2024,20240314,'','',''),
(55,15,3,2024,20240315,'','',''),
(28,16,3,2024,20240316,'','',''),
(24,17,3,2024,20240317,'','',''),
(60,18,3,2024,20240318,'','',''),
(82,19,3,2024,20240319,'','',''),
(67,20,3,2024,20240320,'','',''),
(53,21,3,2024,20240321,'','',''),
(76,22,3,2024,20240322,'','',''),
(55,23,3,2024,20240323,'','',''),
(31,24,3,2024,20240324,'','',''),
(45,25,3,2024,20240325,'','',''),
(53,26,3,2024,20240326,'','',''),
(43,27,3,2024,20240327,'','',''),
(48,28,3,2024,20240328,'','',''),
(21,29,3,2024,20240329,'','',''),
(26,30,3,2024,20240330,'','',''),
(18,31,3,2024,20240331,'','',''),
(18,1,4,2024,20240401,'','',''),
(34,2,4,2024,20240402,'','',''),
(39,3,4,2024,20240403,'','',''),
(35,4,4,2024,20240404,'','',''),
(55,5,4,2024,20240405,'','',''),
(31,6,4,2024,20240406,'','',''),
(21,7,4,2024,20240407,'','',''),
(49,8,4,2024,20240408,'','',''),
(43,9,4,2024,20240409,'','',''),
(35,10,4,2024,20240410,'','',''),
(45,11,4,2024,20240411,'','',''),
(40,12,4,2024,20240412,'','',''),
(11,13,4,2024,20240413,'','',''),
(16,14,4,2024,20240414,'','',''),
(77,15,4,2024,20240415,'','',''),
(69,16,4,2024,20240416,'','',''),
(60,17,4,2024,20240417,'','',''),
(74,18,4,2024,20240418,'','',''),
(43,19,4,2024,20240419,'','',''),
(39,20,4,2024,20240420,'','',''),
(22,21,4,2024,20240421,'','',''),
(37,22,4,2024,20240422,'','',''),
(29,23,4,2024,20240423,'','',''),
(57,24,4,2024,20240424,'','',''),
(57,25,4,2024,20240425,'','',''),
(72,26,4,2024,20240426,'','',''),
(34,27,4,2024,20240427,'','',''),
(28,28,4,2024,20240428,'','',''),
(57,29,4,2024,20240429,'','',''),
(53,30,4,2024,20240430,'','',''),
(32,1,5,2024,20240501,'','',''),
(41,2,5,2024,20240502,'','',''),
(59,3,5,2024,20240503,'','',''),
(58,4,5,2024,20240504,'','',''),
(18,5,5,2024,20240505,'','',''),
(79,6,5,2024,20240506,'','',''),
(72,7,5,2024,20240507,'','',''),
(50,8,5,2024,20240508,'','',''),
(39,9,5,2024,20240509,'','',''),
(43,10,5,2024,20240510,'','',''),
(38,11,5,2024,20240511,'','',''),
(10,12,5,2024,20240512,'','',''),
(62,13,5,2024,20240513,'','',''),
(41,14,5,2024,20240514,'','',''),
(46,15,5,2024,20240515,'','',''),
(54,16,5,2024,20240516,'','',''),
(47,17,5,2024,20240517,'','',''),
(38,18,5,2024,20240518,'','',''),
(19,19,5,2024,20240519,'','',''),
(42,20,5,2024,20240520,'','',''),
(41,21,5,2024,20240521,'','',''),
(53,22,5,2024,20240522,'','',''),
(52,23,5,2024,20240523,'','',''),
(40,24,5,2024,20240524,'','',''),
(23,25,5,2024,20240525,'','',''),
(9,26,5,2024,20240526,'','',''),
(60,27,5,2024,20240527,'','',''),
(44,28,5,2024,20240528,'','',''),
(24,29,5,2024,20240529,'','',''),
(69,30,5,2024,20240530,'','',''),
(38,31,5,2024,20240531,'','',''),
(24,1,6,2024,20240601,'','',''),
(27,2,6,2024,20240602,'','',''),
(52,3,6,2024,20240603,'','',''),
(55,4,6,2024,20240604,'','',''),
(61,5,6,2024,20240605,'','',''),
(51,6,6,2024,20240606,'','',''),
(54,7,6,2024,20240607,'','',''),
(27,8,6,2024,20240608,'','',''),
(17,9,6,2024,20240609,'','',''),
(61,10,6,2024,20240610,'','',''),
(77,11,6,2024,20240611,'','',''),
(62,12,6,2024,20240612,'','',''),
(58,13,6,2024,20240613,'','',''),
(69,14,6,2024,20240614,'','',''),
(43,15,6,2024,20240615,'','',''),
(19,16,6,2024,20240616,'','',''),
(26,17,6,2024,20240617,'','',''),
(67,18,6,2024,20240618,'','',''),
(69,19,6,2024,20240619,'','',''),
(35,20,6,2024,20240620,'','',''),
(35,21,6,2024,20240621,'','',''),
(41,22,6,2024,20240622,'','',''),
(25,23,6,2024,20240623,'','',''),
(66,24,6,2024,20240624,'','',''),
(54,25,6,2024,20240625,'','',''),
(45,26,6,2024,20240626,'','',''),
(57,27,6,2024,20240627,'','',''),
(54,28,6,2024,20240628,'','',''),
(41,29,6,2024,20240629,'','',''),
(13,30,6,2024,20240630,'','',''),
(35,1,7,2024,20240701,'','',''),
(50,2,7,2024,20240702,'','',''),
(57,3,7,2024,20240703,'','',''),
(57,4,7,2024,20240704,'','',''),
(48,5,7,2024,20240705,'','',''),
(30,6,7,2024,20240706,'','',''),
(17,7,7,2024,20240707,'','',''),
(37,8,7,2024,20240708,'','',''),
(52,9,7,2024,20240709,'','',''),
(48,10,7,2024,20240710,'','',''),
(62,11,7,2024,20240711,'','',''),
(55,12,7,2024,20240712,'','',''),
(36,13,7,2024,20240713,'','',''),
(23,14,7,2024,20240714,'','',''),
(79,15,7,2024,20240715,'','',''),
(64,16,7,2024,20240716,'','',''),
(76,17,7,2024,20240717,'','',''),
(66,18,7,2024,20240718,'','',''),
(60,19,7,2024,20240719,'','',''),
(40,20,7,2024,20240720,'','',''),
(21,21,7,2024,20240721,'','',''),
(73,22,7,2024,20240722,'','',''),
(53,23,7,2024,20240723,'','',''),
(68,24,7,2024,20240724,'','',''),
(44,25,7,2024,20240725,'','',''),
(55,26,7,2024,20240726,'','',''),
(35,27,7,2024,20240727,'','',''),
(17,28,7,2024,20240728,'','',''),
(64,29,7,2024,20240729,'','',''),
(102,30,7,2024,20240730,'','',''),
(63,31,7,2024,20240731,'','',''),
(93,1,8,2024,20240801,'','',''),
(52,2,8,2024,20240802,'','',''),
(60,3,8,2024,20240803,'','',''),
(27,4,8,2024,20240804,'','',''),
(61,5,8,2024,20240805,'','',''),
(52,6,8,2024,20240806,'','',''),
(61,7,8,2024,20240807,'','',''),
(83,8,8,2024,20240808,'','',''),
(63,9,8,2024,20240809,'','',''),
(30,10,8,2024,20240810,'','',''),
(22,11,8,2024,20240811,'','',''),
(82,12,8,2024,20240812,'','',''),
(41,13,8,2024,20240813,'','',''),
(45,14,8,2024,20240814,'','',''),
(88,15,8,2024,20240815,'','',''),
(66,16,8,2024,20240816,'','',''),
(44,17,8,2024,20240817,'','',''),
(22,18,8,2024,20240818,'','',''),
(48,19,8,2024,20240819,'','',''),
(64,20,8,2024,20240820,'','',''),
(94,21,8,2024,20240821,'','',''),
(126,22,8,2024,20240822,'','',''),
(67,23,8,2024,20240823,'','',''),
(31,24,8,2024,20240824,'','',''),
(23,25,8,2024,20240825,'','',''),
(80,26,8,2024,20240826,'','',''),
(75,27,8,2024,20240827,'','',''),
(67,28,8,2024,20240828,'','',''),
(64,29,8,2024,20240829,'','',''),
(64,30,8,2024,20240830,'','',''),
(35,31,8,2024,20240831,'','',''),
(14,1,9,2024,20240901,'','',''),
(47,2,9,2024,20240902,'','',''),
(72,3,9,2024,20240903,'','',''),
(57,4,9,2024,20240904,'','',''),
(72,5,9,2024,20240905,'','',''),
(51,6,9,2024,20240906,'','',''),
(32,7,9,2024,20240907,'','',''),
(17,8,9,2024,20240908,'','',''),
(65,9,9,2024,20240909,'','',''),
(36,10,9,2024,20240910,'','',''),
(68,11,9,2024,20240911,'','',''),
(71,12,9,2024,20240912,'','',''),
(58,13,9,2024,20240913,'','',''),
(35,14,9,2024,20240914,'','',''),
(26,15,9,2024,20240915,'','',''),
(104,16,9,2024,20240916,'','',''),
(72,17,9,2024,20240917,'','',''),
(69,18,9,2024,20240918,'','',''),
(96,19,9,2024,20240919,'','',''),
(57,20,9,2024,20240920,'','',''),
(40,21,9,2024,20240921,'','',''),
(18,22,9,2024,20240922,'','',''),
(73,23,9,2024,20240923,'','',''),
(55,24,9,2024,20240924,'','',''),
(68,25,9,2024,20240925,'','',''),
(42,26,9,2024,20240926,'','',''),
(57,27,9,2024,20240927,'','',''),
(27,28,9,2024,20240928,'','',''),
(32,29,9,2024,20240929,'','',''),
(51,30,9,2024,20240930,'','',''),
(54,1,10,2024,20241001,'','',''),
(66,2,10,2024,20241002,'','',''),
(42,3,10,2024,20241003,'','',''),
(40,4,10,2024,20241004,'','',''),
(37,5,10,2024,20241005,'','',''),
(25,6,10,2024,20241006,'','',''),
(74,7,10,2024,20241007,'','',''),
(48,8,10,2024,20241008,'','',''),
(54,9,10,2024,20241009,'','',''),
(52,10,10,2024,20241010,'','',''),
(39,11,10,2024,20241011,'','',''),
(31,12,10,2024,20241012,'','',''),
(39,13,10,2024,20241013,'','',''),
(72,14,10,2024,20241014,'','',''),
(66,15,10,2024,20241015,'','',''),
(80,16,10,2024,20241016,'','',''),
(73,17,10,2024,20241017,'','',''),
(54,18,10,2024,20241018,'','',''),
(34,19,10,2024,20241019,'','',''),
(33,20,10,2024,20241020,'','',''),
(67,21,10,2024,20241021,'','',''),
(63,22,10,2024,20241022,'','',''),
(60,23,10,2024,20241023,'','',''),
(53,24,10,2024,20241024,'','',''),
(59,25,10,2024,20241025,'','',''),
(31,26,10,2024,20241026,'','',''),
(31,27,10,2024,20241027,'','',''),
(60,28,10,2024,20241028,'','',''),
(67,29,10,2024,20241029,'','',''),
(86,30,10,2024,20241030,'','',''),
(62,31,10,2024,20241031,'','',''),
(64,1,11,2024,20241101,'','',''),
(39,2,11,2024,20241102,'','',''),
(21,3,11,2024,20241103,'','',''),
(108,4,11,2024,20241104,'','',''),
(67,5,11,2024,20241105,'','',''),
(89,6,11,2024,20241106,'','',''),
(65,7,11,2024,20241107,'','',''),
(53,8,11,2024,20241108,'','',''),
(34,9,11,2024,20241109,'','',''),
(34,10,11,2024,20241110,'','',''),
(57,11,11,2024,20241111,'','',''),
(52,12,11,2024,20241112,'','',''),
(64,13,11,2024,20241113,'','',''),
(60,14,11,2024,20241114,'','',''),
(75,15,11,2024,20241115,'','',''),
(39,16,11,2024,20241116,'','',''),
(21,17,11,2024,20241117,'','',''),
(36,18,11,2024,20241118,'','',''),
(41,19,11,2024,20241119,'','',''),
(56,20,11,2024,20241120,'','',''),
(48,21,11,2024,20241121,'','',''),
(216,22,11,2024,20241122,'','',''),
(86,23,11,2024,20241123,'','',''),
(57,24,11,2024,20241124,'','',''),
(92,25,11,2024,20241125,'','',''),
(92,26,11,2024,20241126,'','',''),
(48,27,11,2024,20241127,'','',''),
(56,28,11,2024,20241128,'','',''),
(59,29,11,2024,20241129,'','',''),
(28,30,11,2024,20241130,'','',''),
(28,1,12,2024,20241201,'','',''),
(55,2,12,2024,20241202,'','',''),
(67,3,12,2024,20241203,'','',''),
(65,4,12,2024,20241204,'','',''),
(75,5,12,2024,20241205,'','',''),
(48,6,12,2024,20241206,'','',''),
(22,7,12,2024,20241207,'','',''),
(20,8,12,2024,20241208,'','',''),
(65,9,12,2024,20241209,'','',''),
(38,10,12,2024,20241210,'','',''),
(50,11,12,2024,20241211,'','',''),
(37,12,12,2024,20241212,'','',''),
(65,13,12,2024,20241213,'','',''),
(54,14,12,2024,20241214,'','',''),
(23,15,12,2024,20241215,'','',''),
(58,16,12,2024,20241216,'','',''),
(56,17,12,2024,20241217,'','',''),
(40,18,12,2024,20241218,'','',''),
(52,19,12,2024,20241219,'','',''),
(43,20,12,2024,20241220,'','',''),
(40,21,12,2024,20241221,'','',''),
(24,22,12,2024,20241222,'','',''),
(42,23,12,2024,20241223,'','',''),
(39,24,12,2024,20241224,'','',''),
(30,25,12,2024,20241225,'','',''),
(52,26,12,2024,20241226,'','',''),
(74,27,12,2024,20241227,'','',''),
(55,28,12,2024,20241228,'','',''),
(50,29,12,2024,20241229,'','',''),
(40,30,12,2024,20241230,'','',''),
(52,31,12,2024,20241231,'','',''),
(36,1,1,2025,20250101,'','',''),
(51,2,1,2025,20250102,'','',''),
(48,3,1,2025,20250103,'','',''),
(34,4,1,2025,20250104,'','',''),
(32,5,1,2025,20250105,'','',''),
(19,6,1,2025,20250106,'','',''),
(44,7,1,2025,20250107,'','',''),
(23,8,1,2025,20250108,'','',''),
(51,9,1,2025,20250109,'','',''),
(50,10,1,2025,20250110,'','',''),
(25,11,1,2025,20250111,'','',''),
(37,12,1,2025,20250112,'','',''),
(39,13,1,2025,20250113,'','',''),
(35,14,1,2025,20250114,'','',''),
(52,15,1,2025,20250115,'','',''),
(45,16,1,2025,20250116,'','',''),
(32,17,1,2025,20250117,'','',''),
(27,18,1,2025,20250118,'','',''),
(45,19,1,2025,20250119,'','',''),
(45,20,1,2025,20250120,'','',''),
(17,21,1,2025,20250121,'','',''),
(24,22,1,2025,20250122,'','',''),
(32,23,1,2025,20250123,'','',''),
(40,24,1,2025,20250124,'','',''),
(42,25,1,2025,20250125,'','',''),
(22,26,1,2025,20250126,'','',''),
(63,27,1,2025,20250127,'','',''),
(42,28,1,2025,20250128,'','',''),
(74,29,1,2025,20250129,'','',''),
(40,30,1,2025,20250130,'','',''),
(54,31,1,2025,20250131,'','',''),
(35,1,2,2025,20250201,'','',''),
(27,2,2,2025,20250202,'','',''),
(38,3,2,2025,20250203,'','',''),
(57,4,2,2025,20250204,'','',''),
(25,5,2,2025,20250205,'','',''),
(70,6,2,2025,20250206,'','',''),
(56,7,2,2025,20250207,'','',''),
(26,8,2,2025,20250208,'','',''),
(24,9,2,2025,20250209,'','',''),
(35,10,2,2025,20250210,'','',''),
(54,11,2,2025,20250211,'','',''),
(48,12,2,2025,20250212,'','',''),
(41,13,2,2025,20250213,'','',''),
(65,14,2,2025,20250214,'','',''),
(40,15,2,2025,20250215,'','',''),
(25,16,2,2025,20250216,'','',''),
(42,17,2,2025,20250217,'','',''),
(59,18,2,2025,20250218,'','',''),
(43,19,2,2025,20250219,'','',''),
(55,20,2,2025,20250220,'','',''),
(52,21,2,2025,20250221,'','',''),
(27,22,2,2025,20250222,'','',''),
(21,23,2,2025,20250223,'','',''),
(57,24,2,2025,20250224,'','',''),
(35,25,2,2025,20250225,'','',''),
(27,26,2,2025,20250226,'','',''),
(62,27,2,2025,20250227,'','',''),
(47,28,2,2025,20250228,'','',''),
(53,1,3,2025,20250301,'','',''),
(29,2,3,2025,20250302,'','',''),
(27,3,3,2025,20250303,'','',''),
(44,4,3,2025,20250304,'','',''),
(97,5,3,2025,20250305,'','',''),
(45,6,3,2025,20250306,'','',''),
(68,7,3,2025,20250307,'','',''),
(60,8,3,2025,20250308,'','',''),
(31,9,3,2025,20250309,'','',''),
(40,10,3,2025,20250310,'','',''),
(56,11,3,2025,20250311,'','',''),
(68,12,3,2025,20250312,'','',''),
(31,13,3,2025,20250313,'','',''),
(64,14,3,2025,20250314,'','',''),
(42,15,3,2025,20250315,'','',''),
(15,16,3,2025,20250316,'','',''),
(43,17,3,2025,20250317,'','',''),
(39,18,3,2025,20250318,'','',''),
(76,19,3,2025,20250319,'','',''),
(57,20,3,2025,20250320,'','',''),
(56,21,3,2025,20250321,'','',''),
(58,22,3,2025,20250322,'','',''),
(24,23,3,2025,20250323,'','',''),
(48,24,3,2025,20250324,'','',''),
(49,25,3,2025,20250325,'','',''),
(38,26,3,2025,20250326,'','',''),
(36,27,3,2025,20250327,'','',''),
(38,28,3,2025,20250328,'','',''),
(16,29,3,2025,20250329,'','',''),
(17,30,3,2025,20250330,'','',''),
(46,31,3,2025,20250331,'','',''),
(29,1,4,2025,20250401,'','',''),
(12,2,4,2025,20250402,'','',''),
(44,3,4,2025,20250403,'','',''),
(36,4,4,2025,20250404,'','',''),
(19,5,4,2025,20250405,'','',''),
(18,6,4,2025,20250406,'','',''),
(37,7,4,2025,20250407,'','',''),
(39,8,4,2025,20250408,'','',''),
(30,9,4,2025,20250409,'','',''),
(53,10,4,2025,20250410,'','',''),
(38,11,4,2025,20250411,'','',''),
(18,12,4,2025,20250412,'','',''),
(25,13,4,2025,20250413,'','',''),
(67,14,4,2025,20250414,'','',''),
(30,15,4,2025,20250415,'','',''),
(41,16,4,2025,20250416,'','',''),
(28,17,4,2025,20250417,'','',''),
(32,18,4,2025,20250418,'','',''),
(34,19,4,2025,20250419,'','',''),
(22,20,4,2025,20250420,'','',''),
(48,21,4,2025,20250421,'','',''),
(32,22,4,2025,20250422,'','',''),
(100,23,4,2025,20250423,'','',''),
(65,24,4,2025,20250424,'','',''),
(98,25,4,2025,20250425,'','',''),
(60,26,4,2025,20250426,'','',''),
(27,27,4,2025,20250427,'','',''),
(56,28,4,2025,20250428,'','',''),
(37,29,4,2025,20250429,'','',''),
(39,30,4,2025,20250430,'','',''),
(19,1,5,2025,20250501,'','',''),
(37,2,5,2025,20250502,'','',''),
(37,3,5,2025,20250503,'','',''),
(30,4,5,2025,20250504,'','',''),
(33,5,5,2025,20250505,'','',''),
(28,6,5,2025,20250506,'','',''),
(60,7,5,2025,20250507,'','',''),
(34,8,5,2025,20250508,'','',''),
(43,9,5,2025,20250509,'','',''),
(25,10,5,2025,20250510,'','',''),
(15,11,5,2025,20250511,'','',''),
(37,12,5,2025,20250512,'','',''),
(42,13,5,2025,20250513,'','',''),
(47,14,5,2025,20250514,'','',''),
(55,15,5,2025,20250515,'','',''),
(61,16,5,2025,20250516,'','',''),
(28,17,5,2025,20250517,'','',''),
(15,18,5,2025,20250518,'','',''),
(53,19,5,2025,20250519,'','',''),
(30,20,5,2025,20250520,'','',''),
(42,21,5,2025,20250521,'','',''),
(25,22,5,2025,20250522,'','',''),
(22,23,5,2025,20250523,'','',''),
(16,24,5,2025,20250524,'','',''),
(19,25,5,2025,20250525,'','',''),
(41,26,5,2025,20250526,'','',''),
(34,27,5,2025,20250527,'','',''),
(41,28,5,2025,20250528,'','',''),
(66,29,5,2025,20250529,'','',''),
(39,30,5,2025,20250530,'','',''),
(31,31,5,2025,20250531,'','',''),
(7,1,6,2025,20250601,'','',''),
(36,2,6,2025,20250602,'','',''),
(24,3,6,2025,20250603,'','',''),
(36,4,6,2025,20250604,'','',''),
(39,5,6,2025,20250605,'','',''),
(63,6,6,2025,20250606,'','',''),
(27,7,6,2025,20250607,'','',''),
(18,8,6,2025,20250608,'','',''),
(36,9,6,2025,20250609,'','',''),
(29,10,6,2025,20250610,'','',''),
(40,11,6,2025,20250611,'','',''),
(42,12,6,2025,20250612,'','',''),
(34,13,6,2025,20250613,'','',''),
(36,14,6,2025,20250614,'','',''),
(20,15,6,2025,20250615,'','',''),
(18,16,6,2025,20250616,'','',''),
(23,17,6,2025,20250617,'','',''),
(25,18,6,2025,20250618,'','',''),
(26,19,6,2025,20250619,'','',''),
(31,20,6,2025,20250620,'','',''),
(32,21,6,2025,20250621,'','',''),
(16,22,6,2025,20250622,'','',''),
(44,23,6,2025,20250623,'','',''),
(48,24,6,2025,20250624,'','',''),
(29,25,6,2025,20250625,'','',''),
(46,26,6,2025,20250626,'','',''),
(53,27,6,2025,20250627,'','',''),
(30,28,6,2025,20250628,'','',''),
(13,29,6,2025,20250629,'','',''),
(76,30,6,2025,20250630,'','',''),
(27,1,7,2025,20250701,'','',''),
(44,2,7,2025,20250702,'','',''),
(42,3,7,2025,20250703,'','',''),
(39,4,7,2025,20250704,'','',''),
(34,5,7,2025,20250705,'','',''),
(12,6,7,2025,20250706,'','',''),
(25,7,7,2025,20250707,'','',''),
(25,8,7,2025,20250708,'','',''),
(23,9,7,2025,20250709,'','',''),
(67,10,7,2025,20250710,'','',''),
(33,11,7,2025,20250711,'','',''),
(31,12,7,2025,20250712,'','',''),
(16,13,7,2025,20250713,'','',''),
(30,14,7,2025,20250714,'','',''),
(29,15,7,2025,20250715,'','',''),
(32,16,7,2025,20250716,'','',''),
(20,17,7,2025,20250717,'','',''),
(48,18,7,2025,20250718,'','',''),
(19,19,7,2025,20250719,'','',''),
(19,20,7,2025,20250720,'','',''),
(79,21,7,2025,20250721,'','',''),
(32,22,7,2025,20250722,'','',''),
(70,23,7,2025,20250723,'','',''),
(36,24,7,2025,20250724,'','',''),
(34,25,7,2025,20250725,'','',''),
(26,26,7,2025,20250726,'','',''),
(10,27,7,2025,20250727,'','',''),
(34,28,7,2025,20250728,'','',''),
(13,29,7,2025,20250729,'','',''),
(19,30,7,2025,20250730,'','',''),
(38,31,7,2025,20250731,'','',''),
(24,1,8,2025,20250801,'','',''),
(18,2,8,2025,20250802,'','',''),
(17,3,8,2025,20250803,'','',''),
(44,4,8,2025,20250804,'','',''),
(50,5,8,2025,20250805,'','',''),
(28,6,8,2025,20250806,'','',''),
(40,7,8,2025,20250807,'','',''),
(31,8,8,2025,20250808,'','',''),
(31,9,8,2025,20250809,'','',''),
(11,10,8,2025,20250810,'','',''),
(52,11,8,2025,20250811,'','',''),
(20,12,8,2025,20250812,'','',''),
(29,13,8,2025,20250813,'','',''),
(32,14,8,2025,20250814,'','',''),
(58,15,8,2025,20250815,'','',''),
(25,16,8,2025,20250816,'','',''),
(19,17,8,2025,20250817,'','',''),
(44,18,8,2025,20250818,'','',''),
(40,19,8,2025,20250819,'','',''),
(37,20,8,2025,20250820,'','',''),
(33,21,8,2025,20250821,'','',''),
(21,22,8,2025,20250822,'','',''),
(22,23,8,2025,20250823,'','',''),
(13,24,8,2025,20250824,'','',''),
(23,25,8,2025,20250825,'','',''),
(44,26,8,2025,20250826,'','',''),
(30,27,8,2025,20250827,'','',''),
(24,28,8,2025,20250828,'','',''),
(32,29,8,2025,20250829,'','',''),
(32,30,8,2025,20250830,'','',''),
(27,31,8,2025,20250831,'','',''),
(45,1,9,2025,20250901,'','',''),
(28,2,9,2025,20250902,'','',''),
(39,3,9,2025,20250903,'','',''),
(56,4,9,2025,20250904,'','',''),
(43,5,9,2025,20250905,'','',''),
(35,6,9,2025,20250906,'','',''),
(36,7,9,2025,20250907,'','',''),
(42,8,9,2025,20250908,'','',''),
(38,9,9,2025,20250909,'','',''),
(55,10,9,2025,20250910,'','',''),
(41,11,9,2025,20250911,'','',''),
(34,12,9,2025,20250912,'','',''),
(17,13,9,2025,20250913,'','',''),
(15,14,9,2025,20250914,'','',''),
(59,15,9,2025,20250915,'','',''),
(66,16,9,2025,20250916,'','',''),
(31,17,9,2025,20250917,'','',''),
(43,18,9,2025,20250918,'','',''),
(74,19,9,2025,20250919,'','',''),
(25,20,9,2025,20250920,'','',''),
(21,21,9,2025,20250921,'','',''),
(50,22,9,2025,20250922,'','',''),
(37,23,9,2025,20250923,'','',''),
(36,24,9,2025,20250924,'','',''),
(48,25,9,2025,20250925,'','',''),
(59,26,9,2025,20250926,'','',''),
(35,27,9,2025,20250927,'','',''),
(17,28,9,2025,20250928,'','',''),
(38,29,9,2025,20250929,'','',''),
(40,30,9,2025,20250930,'','',''),
(39,1,10,2025,20251001,'','',''),
(35,2,10,2025,20251002,'','',''),
(46,3,10,2025,20251003,'','',''),
(30,4,10,2025,20251004,'','',''),
(19,5,10,2025,20251005,'','',''),
(71,6,10,2025,20251006,'','',''),
(74,7,10,2025,20251007,'','',''),
(29,8,10,2025,20251008,'','',''),
(27,9,10,2025,20251009,'','',''),
(40,10,10,2025,20251010,'','',''),
(32,11,10,2025,20251011,'','',''),
(15,12,10,2025,20251012,'','',''),
(40,13,10,2025,20251013,'','',''),
(36,14,10,2025,20251014,'','',''),
(41,15,10,2025,20251015,'','',''),
(54,16,10,2025,20251016,'','',''),
(40,17,10,2025,20251017,'','',''),
(24,18,10,2025,20251018,'','',''),
(22,19,10,2025,20251019,'','',''),
(43,20,10,2025,20251020,'','',''),
(47,21,10,2025,20251021,'','',''),
(34,22,10,2025,20251022,'','',''),
(43,23,10,2025,20251023,'','',''),
(56,24,10,2025,20251024,'','',''),
(27,25,10,2025,20251025,'','',''),
(25,26,10,2025,20251026,'','',''),
(46,27,10,2025,20251027,'','',''),
(44,28,10,2025,20251028,'','',''),
(55,29,10,2025,20251029,'','',''),
(35,30,10,2025,20251030,'','',''),
(37,31,10,2025,20251031,'','',''),
(17,1,11,2025,20251101,'','',''),
(12,2,11,2025,20251102,'','',''),
(29,3,11,2025,20251103,'','',''),
(28,4,11,2025,20251104,'','',''),
(52,5,11,2025,20251105,'','',''),
(32,6,11,2025,20251106,'','',''),
(31,7,11,2025,20251107,'','',''),
(28,8,11,2025,20251108,'','',''),
(15,9,11,2025,20251109,'','',''),
(40,10,11,2025,20251110,'','',''),
(54,11,11,2025,20251111,'','',''),
(59,12,11,2025,20251112,'','',''),
(43,13,11,2025,20251113,'','',''),
(62,14,11,2025,20251114,'','',''),
(29,15,11,2025,20251115,'','',''),
(25,16,11,2025,20251116,'','',''),
(43,17,11,2025,20251117,'','',''),
(38,18,11,2025,20251118,'','',''),
(32,19,11,2025,20251119,'','',''),
(34,20,11,2025,20251120,'','',''),
(36,21,11,2025,20251121,'','',''),
(27,22,11,2025,20251122,'','',''),
(17,23,11,2025,20251123,'','',''),
(16,24,11,2025,20251124,'','',''),
(53,25,11,2025,20251125,'','',''),
(41,26,11,2025,20251126,'','',''),
(42,27,11,2025,20251127,'','',''),
(36,28,11,2025,20251128,'','',''),
(44,29,11,2025,20251129,'','',''),
(30,30,11,2025,20251130,'','',''),
(56,1,12,2025,20251201,'','',''),
(53,2,12,2025,20251202,'','',''),
(55,3,12,2025,20251203,'','',''),
(92,4,12,2025,20251204,'','',''),
(39,5,12,2025,20251205,'','',''),
(71,6,12,2025,20251206,'','',''),
(12,7,12,2025,20251207,'','',''),
(38,8,12,2025,20251208,'','',''),
(86,9,12,2025,20251209,'','',''),
(33,10,12,2025,20251210,'','',''),
(56,11,12,2025,20251211,'','',''),
(46,12,12,2025,20251212,'','',''),
(33,13,12,2025,20251213,'','',''),
(29,14,12,2025,20251214,'','',''),
(42,15,12,2025,20251215,'','',''),
(39,16,12,2025,20251216,'','',''),
(40,17,12,2025,20251217,'','',''),
(40,18,12,2025,20251218,'','',''),
(41,19,12,2025,20251219,'','',''),
(33,20,12,2025,20251220,'','',''),
(29,21,12,2025,20251221,'','',''),
(58,22,12,2025,20251222,'','',''),
(46,23,12,2025,20251223,'','',''),
(42,24,12,2025,20251224,'','',''),
(26,25,12,2025,20251225,'','',''),
(42,26,12,2025,20251226,'','',''),
(23,27,12,2025,20251227,'','',''),
(30,28,12,2025,20251228,'','',''),
(28,29,12,2025,20251229,'','',''),
(39,30,12,2025,20251230,'','',''),
(44,31,12,2025,20251231,'','',''),
(27,1,1,2026,20260101,'','',''),
(42,2,1,2026,20260102,'','',''),
(62,3,1,2026,20260103,'','',''),
(30,4,1,2026,20260104,'','',''),
(84,5,1,2026,20260105,'','',''),
(55,6,1,2026,20260106,'','',''),
(37,7,1,2026,20260107,'','',''),
(30,8,1,2026,20260108,'','',''),
(43,9,1,2026,20260109,'','',''),
(58,10,1,2026,20260110,'','',''),
(17,11,1,2026,20260111,'','',''),
(41,12,1,2026,20260112,'','',''),
(37,13,1,2026,20260113,'','',''),
(48,14,1,2026,20260114,'','',''),
(38,15,1,2026,20260115,'','',''),
(39,16,1,2026,20260116,'','',''),
(38,17,1,2026,20260117,'','',''),
(22,18,1,2026,20260118,'','',''),
(34,19,1,2026,20260119,'','',''),
(36,20,1,2026,20260120,'','',''),
(24,21,1,2026,20260121,'','',''),
(43,22,1,2026,20260122,'','',''),
(38,23,1,2026,20260123,'','',''),
(30,24,1,2026,20260124,'','',''),
(23,25,1,2026,20260125,'','',''),
(28,26,1,2026,20260126,'','',''),
(27,27,1,2026,20260127,'','',''),
(24,28,1,2026,20260128,'','',''),
(31,29,1,2026,20260129,'','',''),
(28,30,1,2026,20260130,'','',''),
(58,31,1,2026,20260131,'','',''),
(20,1,2,2026,20260201,'','',''),
(31,2,2,2026,20260202,'','',''),
(34,3,2,2026,20260203,'','',''),
(29,4,2,2026,20260204,'','',''),
(32,5,2,2026,20260205,'','',''),
(67,6,2,2026,20260206,'','',''),
(25,7,2,2026,20260207,'','',''),
(16,8,2,2026,20260208,'','',''),
(21,9,2,2026,20260209,'','',''),
(14,10,2,2026,20260210,'','',''),
(22,11,2,2026,20260211,'','',''),
(26,12,2,2026,20260212,'','',''),
(29,13,2,2026,20260213,'','',''),
(23,14,2,2026,20260214,'','',''),
(26,15,2,2026,20260215,'','',''),
(20,16,2,2026,20260216,'','',''),
(29,17,2,2026,20260217,'','',''),
(20,18,2,2026,20260218,'','',''),
(33,19,2,2026,20260219,'','',''),
(28,20,2,2026,20260220,'','',''),
(44,21,2,2026,20260221,'','',''),
(13,22,2,2026,20260222,'','',''),
(37,23,2,2026,20260223,'','',''),
(21,24,2,2026,20260224,'','',''),
(33,25,2,2026,20260225,'','',''),
(55,26,2,2026,20260226,'','',''),
(28,27,2,2026,20260227,'','',''),
(29,28,2,2026,20260228,'','',''),
(3876,1,3,2026,20260301,'','',''),
(8732,2,3,2026,20260302,'','',''),
(13392,3,3,2026,20260303,'','',''),
(7448,4,3,2026,20260304,'','',''),
(7252,5,3,2026,20260305,'','',''),
(9042,6,3,2026,20260306,'','',''),
(10087,7,3,2026,20260307,'','',''),
(11460,8,3,2026,20260308,'','',''),
(11045,9,3,2026,20260309,'','',''),
(10781,10,3,2026,20260310,'','',''),
(10345,11,3,2026,20260311,'','',''),
(9861,12,3,2026,20260312,'','',''),
(11147,13,3,2026,20260313,'','',''),
(9705,14,3,2026,20260314,'','',''),
(11697,15,3,2026,20260315,'','',''),
(10661,16,3,2026,20260316,'','',''),
(12524,17,3,2026,20260317,'','',''),
(16043,18,3,2026,20260318,'','',''),
(9416,19,3,2026,20260319,'','',''),
(9481,28,3,2026,20260328,'','',''),
(12053,29,3,2026,20260329,'','',''),
(8822,30,3,2026,20260330,'','',''),
(14075,31,3,2026,20260331,'','',''),
(11568,1,4,2026,20260401,'','',''),
(6088,2,4,2026,20260402,'','',''),
(9068,3,4,2026,20260403,'','',''),
(9476,4,4,2026,20260404,'','',''),
(13010,5,4,2026,20260405,'','',''),
(15970,6,4,2026,20260406,'','',''),
(13720,7,4,2026,20260407,'','',''),
(13343,8,4,2026,20260408,'','',''),
(9529,9,4,2026,20260409,'','',''),
(10182,10,4,2026,20260410,'','',''),
(17592,11,4,2026,20260411,'','',''),
(13154,12,4,2026,20260412,'','',''),
(7583,13,4,2026,20260413,'','',''),
(12369,14,4,2026,20260414,'','',''),
(11636,15,4,2026,20260415,'','',''),
(9033,16,4,2026,20260416,'','',''),
(16496,17,4,2026,20260417,'','',''),
(14106,18,4,2026,20260418,'','',''),
(18370,19,4,2026,20260419,'','',''),
(14589,20,4,2026,20260420,'','',''),
(9895,21,4,2026,20260421,'','',''),
(16028,22,4,2026,20260422,'','',''),
(10550,23,4,2026,20260423,'','',''),
(9692,24,4,2026,20260424,'','',''),
(14699,25,4,2026,20260425,'','',''),
(7247,26,4,2026,20260426,'','',''),
(10332,27,4,2026,20260427,'','',''),
(9444,28,4,2026,20260428,'','',''),
(7028,29,4,2026,20260429,'','',''),
(13644,30,4,2026,20260430,'','',''),
(6659,1,5,2026,20260501,'','',''),
(9622,2,5,2026,20260502,'','',''),
(8325,3,5,2026,20260503,'','',''),
(6445,4,5,2026,20260504,'','',''),
(10988,5,5,2026,20260505,'','',''),
(6193,6,5,2026,20260506,'','',''),
(6328,7,5,2026,20260507,'','',''),
(10347,8,5,2026,20260508,'','',''),
(11082,9,5,2026,20260509,'','',''),
(9176,10,5,2026,20260510,'','',''),
(6282,11,5,2026,20260511,'','',''),
(4531,12,5,2026,20260512,'','',''),
(4994,13,5,2026,20260513,'','',''),
(7897,14,5,2026,20260514,'','',''),
(4311,15,5,2026,20260515,'','',''),
(3758,16,5,2026,20260516,'','',''),
(3004,17,5,2026,20260517,'','',''),
(5939,18,5,2026,20260518,'','',''),
(3116,19,5,2026,20260519,'','',''),
(3166,20,5,2026,20260520,'','',''),
(3881,21,5,2026,20260521,'','',''),
(5284,22,5,2026,20260522,'','',''),
(12029,23,5,2026,20260523,'','',''),
(6926,24,5,2026,20260524,'','',''),
(15827,25,5,2026,20260525,'','',''),
(5013,26,5,2026,20260526,'','',''),
(3109,27,5,2026,20260527,'','',''),
(8230,28,5,2026,20260528,'','',''),
(4539,29,5,2026,20260529,'','',''),
(5334,30,5,2026,20260530,'','',''),
(6385,31,5,2026,20260531,'','',''),
(4012,1,6,2026,20260601,'','',''),
(4212,2,6,2026,20260602,'','',''),
(3035,3,6,2026,20260603,'','',''),
(4469,4,6,2026,20260604,'','',''),
(6093,5,6,2026,20260605,'','',''),
(2467,6,6,2026,20260606,'','',''),
(2968,7,6,2026,20260607,'','',''),
(2606,8,6,2026,20260608,'','',''),
(2063,9,6,2026,20260609,'','',''),
(7,10,6,2026,20260610,'','','');


